000
CDUS46 KLOX 280128
CLILGB


CLIMATE REPORT
NATIONAL WEATHER SERVICE LOS ANGELES/OXNARD CA
628 PM PDT SUN MAY 27 2018


...................................

...THE LONG BEACH AIRPORT CA CLIMATE SUMMARY FOR MAY 27 2018...
VALID TODAY AS OF 0600 PM LOCAL TIME.

CLIMATE NORMAL PERIOD 1981 TO 2010
CLIMATE RECORD PERIOD 1958 TO 2018


WEATHER ITEM   OBSERVED TIME   RECORD YEAR NORMAL DEPARTURE LAST
                VALUE   (LST)  VALUE       VALUE  FROM      YEAR
                                                  NORMAL
..................................................................
TEMPERATURE (F)
 TODAY
  MAXIMUM         73    421 PM  91    1997  74     -1       72
                                      1973
  MINIMUM         61    717 AM  49    1964  59      2       60
  AVERAGE         67                        66      1       66

PRECIPITATION (IN)
  TODAY            0.00          0.05 1971   0.00   0.00     0.00
  MONTH TO DATE    0.01                      0.19  -0.18     0.40
  SINCE OCT 1      3.53                     11.93  -8.40    19.98
  SINCE JAN 1      3.46                      8.35  -4.89    14.78

SNOWFALL (IN)
  TODAY            0.0
  MONTH TO DATE    0.0
  SINCE MAR 1      0.0
  SINCE JUL 1      0.0

DEGREE DAYS
 HEATING
  TODAY            0                         1     -1        0
  MONTH TO DATE   26                        36    -10       34
  SINCE MAR 1    189                       321   -132      133
  SINCE JUL 1    613                      1212   -599      911

 COOLING
  TODAY            2                         2      0        1
  MONTH TO DATE   32                        54    -22       67
  SINCE MAR 1     79                        93    -14      157
  SINCE JAN 1    119                       101     18      158
..................................................................


WIND (MPH)
  HIGHEST WIND SPEED    12   HIGHEST WIND DIRECTION    NW (300)
  HIGHEST GUST SPEED    16   HIGHEST GUST DIRECTION    SW (210)
  AVERAGE WIND SPEED     5.4


SKY COVER
  POSSIBLE SUNSHINE  MM
  AVERAGE SKY COVER 0.7


WEATHER CONDITIONS
 THE FOLLOWING WEATHER WAS RECORDED TODAY.
  NO SIGNIFICANT WEATHER WAS OBSERVED.


RELATIVE HUMIDITY (PERCENT)
 HIGHEST    78          1200 AM
 LOWEST     57          1200 PM
 AVERAGE    68

..........................................................


THE LONG BEACH AIRPORT CA CLIMATE NORMALS FOR TOMORROW
                         NORMAL    RECORD    YEAR
 MAXIMUM TEMPERATURE (F)   74       100      1973
 MINIMUM TEMPERATURE (F)   59        47      1962


SUNRISE AND SUNSET
MAY 27 2018...........SUNRISE   545 AM PDT   SUNSET   755 PM PDT
MAY 28 2018...........SUNRISE   544 AM PDT   SUNSET   756 PM PDT


-  INDICATES NEGATIVE NUMBERS.
R  INDICATES RECORD WAS SET OR TIED.
MM INDICATES DATA IS MISSING.
T  INDICATES TRACE AMOUNT.




$$
