000
CDUS43 KOAX 210639
CLILNK


CLIMATE REPORT
NATIONAL WEATHER SERVICE OMAHA NEBRASKA
134 AM CDT MON MAY 21 2018


...................................

...THE LINCOLN, NEBRASKA CLIMATE SUMMARY FOR MAY 20 2018...

CLIMATE NORMAL PERIOD 1981 TO 2010
CLIMATE RECORD PERIOD 1887 TO 2018


WEATHER ITEM   OBSERVED TIME   RECORD YEAR NORMAL DEPARTURE LAST
                VALUE   (LST)  VALUE       VALUE  FROM      YEAR
                                                  NORMAL
..................................................................
TEMPERATURE (F)
 YESTERDAY
  MAXIMUM         58   1041 AM  95    1925  75    -17       55
  MINIMUM         53   1212 AM  33    1993  52      1       45
  AVERAGE         56                        64     -8       50

PRECIPITATION (IN)
  YESTERDAY        0.26          2.64 2001   0.13   0.13     1.13
  MONTH TO DATE    1.33                      2.78  -1.45     5.70
  SINCE MAR 1      4.71                      7.42  -2.71    10.87
  SINCE JAN 1      5.86                      8.83  -2.97    12.52

SNOWFALL (IN)
  YESTERDAY        0.0                       0.0    0.0      0.0
  MONTH TO DATE    0.0                       0.1   -0.1       T
  SINCE JUL 1     21.4                      26.0   -4.6      7.5
  SNOW DEPTH       0

DEGREE DAYS
 HEATING
  YESTERDAY        9                         4      5       15
  MONTH TO DATE   44                       121    -77       97
  SINCE MAR 1   1400                      1311     89     1101
  SINCE JUL 1   5999                      6014    -15     4984

 COOLING
  YESTERDAY        0                         2     -2        0
  MONTH TO DATE   57                        29     28       58
  SINCE MAR 1     65                        43     22       71
  SINCE JAN 1     65                        43     22       71
..................................................................


WIND (MPH)
  HIGHEST WIND SPEED    15   HIGHEST WIND DIRECTION     N (010)
  HIGHEST GUST SPEED    20   HIGHEST GUST DIRECTION     N (010)
  AVERAGE WIND SPEED     8.7


SKY COVER
  POSSIBLE SUNSHINE  MM
  AVERAGE SKY COVER 1.0


WEATHER CONDITIONS
 THE FOLLOWING WEATHER WAS RECORDED YESTERDAY.
  HEAVY RAIN
  RAIN
  LIGHT RAIN
  FOG


RELATIVE HUMIDITY (PERCENT)
 HIGHEST   100          1000 PM
 LOWEST     86           800 AM
 AVERAGE    93

..........................................................


THE LINCOLN, NEBRASKA CLIMATE NORMALS FOR TODAY
                         NORMAL    RECORD    YEAR
 MAXIMUM TEMPERATURE (F)   76        95      1925
 MINIMUM TEMPERATURE (F)   52        36      2003
                                             1892


SUNRISE AND SUNSET
MAY 21 2018...........SUNRISE   604 AM CDT   SUNSET   843 PM CDT
MAY 22 2018...........SUNRISE   604 AM CDT   SUNSET   844 PM CDT


-  INDICATES NEGATIVE NUMBERS.
R  INDICATES RECORD WAS SET OR TIED.
MM INDICATES DATA IS MISSING.
T  INDICATES TRACE AMOUNT.




$$
