000
CDUS46 KHNX 250823
CLIMAE


CLIMATE REPORT
NATIONAL WEATHER SERVICE SAN JOAQUIN VALLEY, CA
122 AM PDT WED APR 25 2018


...................................

...THE MADERA CA AIRPORT CLIMATE SUMMARY FOR APRIL 24 2018...

CLIMATE NORMAL PERIOD 1981 TO 2010
CLIMATE RECORD PERIOD 1998 TO 2018


WEATHER ITEM   OBSERVED TIME   RECORD YEAR NORMAL DEPARTURE
                VALUE   (LST)  VALUE       VALUE  FROM
                                                  NORMAL
...............................................................
TEMPERATURE (F)
 YESTERDAY
  MAXIMUM         90R   349 PM  88    2013  77     13
  MINIMUM         51    416 AM  38    2008  47      4
  AVERAGE         71                        62      9

PRECIPITATION (IN)
  YESTERDAY        0.00          0.01 2003   0.03  -0.03
  MONTH TO DATE    0.71                      0.78  -0.07
  SINCE OCT 1      7.22                     10.89  -3.67
  SINCE JAN 1      6.81                      7.16  -0.35

SNOWFALL (IN)
  YESTERDAY        0.0
  MONTH TO DATE    0.0
  SINCE MAR 1      0.0
  SINCE JUL 1      0.0
  SNOW DEPTH       0

DEGREE DAYS
 HEATING
  YESTERDAY        0
  MONTH TO DATE  107
  SINCE MAR 1    412
  SINCE JUL 1   2109

 COOLING
  YESTERDAY        6
  MONTH TO DATE   20
  SINCE MAR 1     22
  SINCE JAN 1     22
...............................................................


WIND (MPH)
  HIGHEST WIND SPEED    14   HIGHEST WIND DIRECTION    NW (330)
  HIGHEST GUST SPEED    17   HIGHEST GUST DIRECTION    NW (320)
  AVERAGE WIND SPEED     5.4




RELATIVE HUMIDITY (PERCENT)
 HIGHEST    90
 LOWEST     23
 AVERAGE    57

..........................................................


THE MADERA CA AIRPORT CLIMATE NORMALS FOR TODAY
                         NORMAL    RECORD    YEAR
 MAXIMUM TEMPERATURE (F)   78        93      2004
 MINIMUM TEMPERATURE (F)   47        40      2008


SUNRISE AND SUNSET
APRIL 25 2018.........SUNRISE   613 AM PDT   SUNSET   744 PM PDT
APRIL 26 2018.........SUNRISE   612 AM PDT   SUNSET   745 PM PDT


-  INDICATES NEGATIVE NUMBERS.
R  INDICATES RECORD WAS SET OR TIED.
MM INDICATES DATA IS MISSING.
T  INDICATES TRACE AMOUNT.




$$
