000
CDUS44 KMAF 262115
CLIMAF


CLIMATE REPORT
NATIONAL WEATHER SERVICE MIDLAND TX
411 PM CDT SAT MAY 26 2018


...................................

...THE MIDLAND CLIMATE SUMMARY FOR MAY 26 2018...
VALID TODAY AS OF 0400 PM LOCAL TIME.

CLIMATE NORMAL PERIOD 1981 TO 2010
CLIMATE RECORD PERIOD 1930 TO 2018


WEATHER ITEM   OBSERVED TIME   RECORD YEAR NORMAL DEPARTURE LAST
                VALUE   (LST)  VALUE       VALUE  FROM      YEAR
                                                  NORMAL
..................................................................
TEMPERATURE (F)
 TODAY
  MAXIMUM        105R   156 PM 100    2017  90     15      100
                                      1991
                                      1945
  MINIMUM         73    616 AM  48    1950  63     10       69
                                      1947
  AVERAGE         89                        76     13       85

PRECIPITATION (IN)
  TODAY            0.00          2.97 1941   0.07  -0.07     0.00
  MONTH TO DATE    0.68                      1.36  -0.68     0.58
  SINCE MAR 1      0.79                      2.61  -1.82     3.54
  SINCE JAN 1      0.84                      3.88  -3.04     5.38

DEGREE DAYS
 COOLING
  TODAY           24                        12     12       20
  MONTH TO DATE  413                       221    192      223
  SINCE MAR 1    573                       327    246      482
  SINCE JAN 1    580                       329    251      499
..................................................................


WIND (MPH)
  HIGHEST WIND SPEED    18   HIGHEST WIND DIRECTION     S (190)
  HIGHEST GUST SPEED    22   HIGHEST GUST DIRECTION     S (200)
  AVERAGE WIND SPEED    11.9


SKY COVER
  POSSIBLE SUNSHINE  MM
  AVERAGE SKY COVER 0.0


WEATHER CONDITIONS
 THE FOLLOWING WEATHER WAS RECORDED TODAY.
  NO SIGNIFICANT WEATHER WAS OBSERVED.


RELATIVE HUMIDITY (PERCENT)
 HIGHEST    64           600 AM
 LOWEST      8           300 PM
 AVERAGE    36

..........................................................


THE MIDLAND CLIMATE NORMALS FOR TOMORROW
                         NORMAL    RECORD    YEAR
 MAXIMUM TEMPERATURE (F)   90       106      2011
 MINIMUM TEMPERATURE (F)   63        48      1947


SUNRISE AND SUNSET
MAY 26 2018...........SUNRISE   646 AM CDT   SUNSET   846 PM CDT
MAY 27 2018...........SUNRISE   645 AM CDT   SUNSET   847 PM CDT


-  INDICATES NEGATIVE NUMBERS.
R  INDICATES RECORD WAS SET OR TIED.
MM INDICATES DATA IS MISSING.
T  INDICATES TRACE AMOUNT.




$$
