000
CDUS43 KABR 240733
CLIMBG


CLIMATE REPORT
NATIONAL WEATHER SERVICE ABERDEEN SD
232 AM CDT TUE APR 24 2018


...................................

...THE MOBRIDGE SD CLIMATE SUMMARY FOR APRIL 23 2018...

CLIMATE NORMAL PERIOD 1981 TO 2010
CLIMATE RECORD PERIOD 1911 TO 2018


WEATHER ITEM   OBSERVED TIME   RECORD YEAR NORMAL DEPARTURE LAST
                VALUE   (LST)  VALUE       VALUE  FROM      YEAR
                                                  NORMAL
..................................................................
TEMPERATURE (F)
 YESTERDAY
  MAXIMUM         72    408 PM  89    2009  62     10       70
  MINIMUM         38    601 AM  13    2013  35      3       34
  AVERAGE         55                        48      7       52

PRECIPITATION (IN)
  YESTERDAY        0.04          0.74 2008   0.06  -0.02     0.00
  MONTH TO DATE    0.98                      0.98   0.00     0.48
  SINCE MAR 1      1.92                      1.88   0.04     1.10
  SINCE JAN 1      2.93                      2.61   0.32     1.86

SNOWFALL (IN)
  YESTERDAY        0.0
  MONTH TO DATE    8.8
  SINCE OCT 1     48.4
  SINCE JUL 1     48.4
  SNOW DEPTH       0

DEGREE DAYS
 HEATING
  YESTERDAY       10                        17     -7       13
  MONTH TO DATE  732                       488    244      367
  SINCE MAR 1   1835                      1515    320     1302
  SINCE JUL 1   7705                      7490    215     6739

 COOLING
  YESTERDAY        0                         0      0        0
  MONTH TO DATE    0                         0      0        0
  SINCE MAR 1      0                         0      0        0
  SINCE JAN 1      0                         0      0        0
..................................................................


WIND (MPH)
  HIGHEST WIND SPEED    24   HIGHEST WIND DIRECTION    NE (50)
  HIGHEST GUST SPEED    31   HIGHEST GUST DIRECTION    NE (60)
  AVERAGE WIND SPEED    10.1


SKY COVER
  POSSIBLE SUNSHINE  MM
  AVERAGE SKY COVER 0.3


WEATHER CONDITIONS
 THE FOLLOWING WEATHER WAS RECORDED YESTERDAY.
  LIGHT RAIN


RELATIVE HUMIDITY (PERCENT)
 HIGHEST    79           400 AM
 LOWEST     31           300 PM
 AVERAGE    55

..........................................................


THE MOBRIDGE SD CLIMATE NORMALS FOR TODAY
                         NORMAL    RECORD    YEAR
 MAXIMUM TEMPERATURE (F)   62        90      1962
 MINIMUM TEMPERATURE (F)   36        18      1928


SUNRISE AND SUNSET
APRIL 24 2018.........SUNRISE   641 AM CDT   SUNSET   840 PM CDT
APRIL 25 2018.........SUNRISE   639 AM CDT   SUNSET   841 PM CDT


-  INDICATES NEGATIVE NUMBERS.
R  INDICATES RECORD WAS SET OR TIED.
MM INDICATES DATA IS MISSING.
T  INDICATES TRACE AMOUNT.




$$
