863
CDUS43 KDTX 250537
CLIMBS


CLIMATE REPORT
NATIONAL WEATHER SERVICE DETROIT/PONTIAC MI
137 AM EDT WED APR 25 2018


...................................

...THE TRI CITIES MI CLIMATE SUMMARY FOR APRIL 24 2018...

CLIMATE NORMAL PERIOD 1981 TO 2010
CLIMATE RECORD PERIOD 1898 TO 2018


WEATHER ITEM   OBSERVED TIME   NORMAL DEPARTURE LAST
                VALUE   (LST)  VALUE  FROM      YEAR
                                      NORMAL
......................................................
TEMPERATURE (F)
 YESTERDAY
  MAXIMUM         64    157 PM  60      4       63
  MINIMUM         46   1259 AM  39      7       39
  AVERAGE         55            50      5

PRECIPITATION (IN)
  YESTERDAY        0.03          0.09  -0.06
  MONTH TO DATE    2.50          2.28   0.22
  SINCE MAR 1      3.19          4.34  -1.15
  SINCE JAN 1      7.12          7.66  -0.54

SNOWFALL (IN)
  YESTERDAY        0.0           0.1   -0.1      0.0
  MONTH TO DATE    5.5           1.7    3.8       T
  SINCE MAR 1     10.3           8.1    2.2      7.5
  SINCE JUL 1     41.4          41.5   -0.1     37.4
  SNOW DEPTH       0

DEGREE DAYS
 HEATING
  YESTERDAY       10                   -6
  MONTH TO DATE  663                  177
  SINCE MAR 1   1660                  205
  SINCE JUL 1   6516                  -38

 COOLING
  YESTERDAY        0                    0
  MONTH TO DATE    0                    0
  SINCE MAR 1      0                    0
  SINCE JAN 1      0                    0
......................................................


WIND (MPH)
  HIGHEST WIND SPEED    15   HIGHEST WIND DIRECTION     N (20)
  HIGHEST GUST SPEED    18   HIGHEST GUST DIRECTION     N (10)
  AVERAGE WIND SPEED     6.0



WEATHER CONDITIONS
 THE FOLLOWING WEATHER WAS RECORDED YESTERDAY.
  LIGHT RAIN
  FOG


RELATIVE HUMIDITY (PERCENT)
 HIGHEST    93
 LOWEST     56
 AVERAGE    75

..........................................................


THE TRI CITIES MI CLIMATE NORMALS FOR TODAY
                         NORMAL
 MAXIMUM TEMPERATURE (F)   60
 MINIMUM TEMPERATURE (F)   39


SUNRISE AND SUNSET
APRIL 25 2018.........SUNRISE   638 AM EDT   SUNSET   832 PM EDT
APRIL 26 2018.........SUNRISE   636 AM EDT   SUNSET   833 PM EDT


-  INDICATES NEGATIVE NUMBERS.
R  INDICATES RECORD WAS SET OR TIED.
MM INDICATES DATA IS MISSING.
T  INDICATES TRACE AMOUNT.




$$
