000
CDAK49 PAFG 200945
CLIMCG

CLIMATE REPORT
NATIONAL WEATHER SERVICE FAIRBANKS AK
145 AM AKDT FRI APR 20 2018


...................................

...THE MCGRATH AK CLIMATE SUMMARY FOR APRIL 19 2018...

CLIMATE NORMAL PERIOD 1981 TO 2010
CLIMATE RECORD PERIOD 1946 TO 2018


WEATHER ITEM   OBSERVED TIME   RECORD YEAR NORMAL DEPARTURE LAST
                VALUE   (LST)  VALUE       VALUE  FROM      YEAR
                                                  NORMAL
..................................................................
TEMPERATURE (F)
 YESTERDAY
  MAXIMUM         44    536 PM  59    1999  43      1       43
  MINIMUM         24    634 AM -14    1985  22      2       17
  AVERAGE         34                        32      2       30

PRECIPITATION (IN)
  YESTERDAY        0.00          0.25 1979   0.02  -0.02     0.00
  MONTH TO DATE    0.02                      0.45  -0.43     0.11
  SINCE MAR 1      1.01                      1.26  -0.25     0.11
  SINCE JAN 1      2.69                      3.29  -0.60     1.31

SNOWFALL (IN)
  YESTERDAY        0.0           1.8  2005   0.1   -0.1      0.0
                                      2002
  MONTH TO DATE    T                         3.8   -3.8      2.6
  SINCE MAR 1     18.1                      15.1    3.0      2.6
  SINCE JUL 1     80.6                      95.1  -14.5     51.3
  SNOW DEPTH      12

DEGREE DAYS
 HEATING
  YESTERDAY       31                        33     -2       35
  MONTH TO DATE  642                       745   -103      587
  SINCE MAR 1   2084                      2400   -316     2510
  SINCE JUL 1  10586                     12632  -2046    12268

 COOLING
  YESTERDAY        0                         0      0        0
  MONTH TO DATE    0                         0      0        0
  SINCE MAR 1      0                         0      0        0
  SINCE JAN 1      0                         0      0        0
..................................................................


WIND (MPH)
  HIGHEST GUST SPEED    14   HIGHEST GUST DIRECTION    NE (40)


SKY COVER
  AVERAGE SKY COVER 0.0


WEATHER CONDITIONS
 THE FOLLOWING WEATHER WAS RECORDED YESTERDAY.
  NO SIGNIFICANT WEATHER WAS OBSERVED.


RELATIVE HUMIDITY (PERCENT)
 HIGHEST    69
 LOWEST     30
 AVERAGE    50

..........................................................


THE MCGRATH AK CLIMATE NORMALS FOR TODAY
                         NORMAL    RECORD    YEAR
 MAXIMUM TEMPERATURE (F)   44        57      2008
                                             1999
                                             1978
 MINIMUM TEMPERATURE (F)   23       -12      1961


SUNRISE AND SUNSET
APRIL 20 2018.........SUNRISE   638 AM AKDT  SUNSET  1007 PM AKDT
APRIL 21 2018.........SUNRISE   635 AM AKDT  SUNSET  1010 PM AKDT

-  INDICATES NEGATIVE NUMBERS.
R  INDICATES RECORD WAS SET OR TIED.
MM INDICATES DATA IS MISSING.
T  INDICATES TRACE AMOUNT.

&&

SNOW DEPTH IS MEASURED AT 3AM AKST/4AM AKDT.

----------------------------
AVAILABLE DAYLIGHT

AMOUNT OF DAYLIGHT TODAY  (HOUR:MIN)........15:29
GAIN/LOSS SINCE YESTERDAY (HOUR:MIN:SEC)....+0:06:13

$$
AY APR 18
