000
CDUS42 KMLB 242017
CLIMCO


CLIMATE REPORT
NATIONAL WEATHER SERVICE MELBOURNE FL
416 PM EDT TUE APR 24 2018


...................................

...THE ORLANDO  CLIMATE SUMMARY FOR APRIL 24 2018...
VALID TODAY AS OF 0400 PM LOCAL TIME.

CLIMATE NORMAL PERIOD 1981 TO 2010
CLIMATE RECORD PERIOD 1892 TO 2018


WEATHER ITEM   OBSERVED TIME   RECORD YEAR NORMAL DEPARTURE LAST
                VALUE   (LST)  VALUE       VALUE  FROM      YEAR
                                                  NORMAL
..................................................................
TEMPERATURE (F)
 TODAY
  MAXIMUM         87    234 PM  99    1923  84      3       86
  MINIMUM         69   1216 AM  45    1903  61      8       64
  AVERAGE         78                        73      5       75

PRECIPITATION (IN)
  TODAY            0.00          2.18 1928   0.08  -0.08      T
  MONTH TO DATE    2.14                      2.24  -0.10      T
  SINCE MAR 1      2.97                      6.01  -3.04     0.10
  SINCE JAN 1      5.43                     10.74  -5.31     3.03

SNOWFALL (IN)
  TODAY            0.0
  MONTH TO DATE    0.0
  SINCE MAR 1      0.0
  SINCE JUL 1      0.0

DEGREE DAYS
 HEATING
  TODAY            0                         0      0        0
  MONTH TO DATE    0                        11    -11        3
  SINCE MAR 1     83                        70     13       40
  SINCE JUL 1    467                       569   -102      209

 COOLING
  TODAY           13                         8      5       10
  MONTH TO DATE  202                       149     53      219
  SINCE MAR 1    295                       267     28      382
  SINCE JAN 1    542                       371    171      583
..................................................................


WIND (MPH)
  HIGHEST WIND SPEED    23   HIGHEST WIND DIRECTION    SW (240)
  HIGHEST GUST SPEED    27   HIGHEST GUST DIRECTION     W (250)
  AVERAGE WIND SPEED     9.4


SKY COVER
  AVERAGE SKY COVER 0.5


WEATHER CONDITIONS
 THE FOLLOWING WEATHER WAS RECORDED TODAY.
  NO SIGNIFICANT WEATHER WAS OBSERVED.


RELATIVE HUMIDITY (PERCENT)
 HIGHEST   100          1200 AM
 LOWEST     37           200 PM
 AVERAGE    69

..........................................................


THE ORLANDO  CLIMATE NORMALS FOR TOMORROW
                         NORMAL    RECORD    YEAR
 MAXIMUM TEMPERATURE (F)   84        97      1908
 MINIMUM TEMPERATURE (F)   62        44      2012


SUNRISE AND SUNSET
APRIL 24 2018.........SUNRISE   651 AM EDT   SUNSET   756 PM EDT
APRIL 25 2018.........SUNRISE   650 AM EDT   SUNSET   757 PM EDT


-  INDICATES NEGATIVE NUMBERS.
R  INDICATES RECORD WAS SET OR TIED.
MM INDICATES DATA IS MISSING.
T  INDICATES TRACE AMOUNT.




$$
