000
CDUS44 KMEG 230636
CLIMEG


CLIMATE REPORT
NATIONAL WEATHER SERVICE MEMPHIS TN
134 AM CDT MON APR 23 2018


...................................

...THE MEMPHIS/GERMANTOWN WFO CLIMATE SUMMARY FOR APRIL 22 2018...

CLIMATE NORMAL PERIOD 1981 TO 2010
CLIMATE RECORD PERIOD 1988 TO 2018


WEATHER ITEM   OBSERVED TIME   RECORD YEAR NORMAL DEPARTURE LAST
                VALUE   (LST)  VALUE       VALUE  FROM      YEAR
                                                  NORMAL
..................................................................
TEMPERATURE (F)
 YESTERDAY
  MAXIMUM         66    441 PM  85    1994  74     -8       61
  MINIMUM         56    734 AM  35    1993  51      5       51
  AVERAGE         61                        62     -1       56

PRECIPITATION (IN)
  YESTERDAY        1.95R         1.23 2017   0.20   1.75     1.23
  MONTH TO DATE    5.64                      3.83   1.81     2.91
  SINCE MAR 1     11.02                      8.78   2.24     7.64
  SINCE JAN 1     29.84                     17.41  12.43    12.85

SNOWFALL (IN)
  YESTERDAY        0.0          MM      MM                   0.0
  MONTH TO DATE    0.0                                       0.0
  SINCE MAR 1      0.0                                       0.4
  SINCE JUL 1      3.8                                       1.4
  SNOW DEPTH       0

DEGREE DAYS
 HEATING
  YESTERDAY        4                         5     -1        9
  MONTH TO DATE  252                       161     91       43
  SINCE MAR 1    614                       597     17      350
  SINCE JUL 1   3168                      3343   -175     2191

 COOLING
  YESTERDAY        0                         2     -2        0
  MONTH TO DATE   14                        34    -20       82
  SINCE MAR 1     16                        45    -29      115
  SINCE JAN 1     29                        46    -17      129
..................................................................







THE MEMPHIS/GERMANTOWN WFO CLIMATE NORMALS FOR TODAY
                         NORMAL    RECORD    YEAR
 MAXIMUM TEMPERATURE (F)   74        89      2008
 MINIMUM TEMPERATURE (F)   51        35      1993


SUNRISE AND SUNSET
APRIL 23 2018.........SUNRISE   617 AM CDT   SUNSET   738 PM CDT
APRIL 24 2018.........SUNRISE   616 AM CDT   SUNSET   739 PM CDT


-  INDICATES NEGATIVE NUMBERS.
R  INDICATES RECORD WAS SET OR TIED.
MM INDICATES DATA IS MISSING.
T  INDICATES TRACE AMOUNT.




$$
