000
CDUS44 KJAN 262209
CLIMEI


CLIMATE REPORT
NATIONAL WEATHER SERVICE JACKSON MS
503 PM CDT THU APR 26 2018


...................................

...THE MERIDIAN CLIMATE SUMMARY FOR APRIL 26 2018...
VALID TODAY AS OF 0500 PM LOCAL TIME.

CLIMATE NORMAL PERIOD 1981 TO 2010
CLIMATE RECORD PERIOD 1889 TO 2018


WEATHER ITEM   OBSERVED TIME   RECORD YEAR NORMAL DEPARTURE LAST
                VALUE   (LST)  VALUE       VALUE  FROM      YEAR
                                                  NORMAL
..................................................................
TEMPERATURE (F)
 TODAY
  MAXIMUM         67    259 PM  89    1989  79    -12       85
  MINIMUM         58   1204 AM  34    1910  52      6       55
  AVERAGE         63                        65     -2       70

PRECIPITATION (IN)
  TODAY            0.48          2.63 1964   0.16   0.32     0.51
  MONTH TO DATE    6.52                      4.20   2.32     7.23
  SINCE MAR 1     11.87                      9.62   2.25    13.00
  SINCE JAN 1     23.81                     20.35   3.46    22.57

SNOWFALL (IN)
  TODAY            0.0           0.0         0.0    0.0      0.0
  MONTH TO DATE    0.0                       0.1   -0.1      0.0
  SINCE MAR 1      0.0                       0.3   -0.3      0.0
  SINCE JUL 1      5.3                       0.6    4.7      0.8

DEGREE DAYS
 HEATING
  TODAY            2                         2      0        0
  MONTH TO DATE  116                       122     -6       31
  SINCE MAR 1    347                       429    -82      221
  SINCE JUL 1   2100                      2526   -426     1349

 COOLING
  TODAY            0                         3     -3        5
  MONTH TO DATE   24                        46    -22      107
  SINCE MAR 1     68                        63      5      181
  SINCE JAN 1    142                        70     72      227
..................................................................


WIND (MPH)
  HIGHEST WIND SPEED    18   HIGHEST WIND DIRECTION     W (290)
  HIGHEST GUST SPEED    26   HIGHEST GUST DIRECTION     W (290)
  AVERAGE WIND SPEED    10.9


SKY COVER
  POSSIBLE SUNSHINE  MM
  AVERAGE SKY COVER 0.9


WEATHER CONDITIONS
 THE FOLLOWING WEATHER WAS RECORDED TODAY.
  THUNDERSTORM
  HEAVY RAIN
  LIGHT RAIN
  FOG


RELATIVE HUMIDITY (PERCENT)
 HIGHEST    93           500 AM
 LOWEST     58          1000 AM
 AVERAGE    76

..........................................................


THE MERIDIAN CLIMATE NORMALS FOR TOMORROW
                         NORMAL    RECORD    YEAR
 MAXIMUM TEMPERATURE (F)   79        92      1987
 MINIMUM TEMPERATURE (F)   53        39      1992
                                             1976


SUNRISE AND SUNSET
APRIL 26 2018.........SUNRISE   614 AM CDT   SUNSET   732 PM CDT
APRIL 27 2018.........SUNRISE   613 AM CDT   SUNSET   733 PM CDT


-  INDICATES NEGATIVE NUMBERS.
R  INDICATES RECORD WAS SET OR TIED.
MM INDICATES DATA IS MISSING.
T  INDICATES TRACE AMOUNT.




$$
