000
CDUS43 KTOP 260634
CLIMHK


CLIMATE REPORT
NATIONAL WEATHER SERVICE TOPEKA KS
134 AM CDT SAT MAY 26 2018


...................................

...THE MANHATTAN KS CLIMATE SUMMARY FOR MAY 25 2018...

CLIMATE NORMAL PERIOD 1981 TO 2010
CLIMATE RECORD PERIOD 9999 TO 9999


WEATHER ITEM   OBSERVED NORMAL DEPARTURE LAST
                VALUE   VALUE  FROM      YEAR
                               NORMAL
...............................................
TEMPERATURE (F)
 YESTERDAY
  MAXIMUM         94     79     15       80
  MINIMUM         68     54     14       43
  AVERAGE         81     67     14       62

PRECIPITATION (IN)
  YESTERDAY        0.00   0.16  -0.16     0.08
  MONTH TO DATE    1.70   3.45  -1.75     2.52
  SINCE MAR 1      2.32   8.45  -6.13    11.25
  SINCE JAN 1      2.90  10.17  -7.27    13.05

DEGREE DAYS
 HEATING
  YESTERDAY        0      2     -2        3
  MONTH TO DATE    3    114   -111       94
  SINCE MAR 1   1086   1135    -49      885
  SINCE JUL 1   4889   5295   -406     4169

 COOLING
  YESTERDAY       16      4     12        0
  MONTH TO DATE  195     56    139       70
  SINCE MAR 1    206     73    133      114
  SINCE JAN 1    206     73    133      114
...............................................


WIND (MPH)
  HIGHEST WIND SPEED    16   HIGHEST WIND DIRECTION    SW (220)
  HIGHEST GUST SPEED    22   HIGHEST GUST DIRECTION    SW (220)
  AVERAGE WIND SPEED     5.9


SKY COVER
  AVERAGE SKY COVER 0.1


WEATHER CONDITIONS
 THE FOLLOWING WEATHER WAS RECORDED YESTERDAY.
  NO SIGNIFICANT WEATHER WAS OBSERVED.


RELATIVE HUMIDITY (PERCENT)
 HIGHEST    87
 LOWEST     36
 AVERAGE    62

..........................................................


THE MANHATTAN KS CLIMATE NORMALS FOR TODAY
                         NORMAL
 MAXIMUM TEMPERATURE (F)   79
 MINIMUM TEMPERATURE (F)   55


SUNRISE AND SUNSET
MAY 26 2018...........SUNRISE   605 AM CDT   SUNSET   842 PM CDT
MAY 27 2018...........SUNRISE   605 AM CDT   SUNSET   843 PM CDT


-  INDICATES NEGATIVE NUMBERS.
R  INDICATES RECORD WAS SET OR TIED.
MM INDICATES DATA IS MISSING.
T  INDICATES TRACE AMOUNT.




$$
