000
CDUS42 KMFL 272019
CLIMIA


CLIMATE REPORT
NATIONAL WEATHER SERVICE MIAMI, FL
419 PM EDT SUN MAY 27 2018


...................................

...THE MIAMI CLIMATE SUMMARY FOR MAY 27 2018...
VALID TODAY AS OF 0400 PM LOCAL TIME.

CLIMATE NORMAL PERIOD 1981 TO 2010
CLIMATE RECORD PERIOD 1895 TO 2018


WEATHER ITEM   OBSERVED TIME   RECORD YEAR NORMAL DEPARTURE LAST
                VALUE   (LST)  VALUE       VALUE  FROM      YEAR
                                                  NORMAL
..................................................................
TEMPERATURE (F)
 TODAY
  MAXIMUM         83    259 PM  96    1902  88     -5       95
  MINIMUM         74    824 AM  64    1937  75     -1       81
                                      1908
  AVERAGE         79                        81     -2       88

PRECIPITATION (IN)
  TODAY            1.37          3.94 1954   0.25   1.12     0.01
  MONTH TO DATE   12.08                      4.33   7.75     2.69
  SINCE NOV 1     22.52                     19.65   2.87    16.75
  SINCE JAN 1     17.45                     14.34   3.11    13.48

SNOWFALL (IN)
  TODAY            0.0
  MONTH TO DATE    0.0
  SINCE MAR 1      0.0
  SINCE JUL 1      0.0
  SNOW DEPTH       0

DEGREE DAYS
 HEATING
  TODAY            0                         0      0        0
  MONTH TO DATE    0                         0      0        0
  SINCE MAR 1      7                        12     -5        3
  SINCE JUL 1     85                       128    -43       17

 COOLING
  TODAY           14                        16     -2       23
  MONTH TO DATE  363                       396    -33      456
  SINCE MAR 1    926                       967    -41     1123
  SINCE JAN 1   1407                      1289    118     1617
..................................................................


WIND (MPH)
  HIGHEST WIND SPEED    26   HIGHEST WIND DIRECTION     S (160)
  HIGHEST GUST SPEED    36   HIGHEST GUST DIRECTION    SE (150)
  AVERAGE WIND SPEED    17.6


SKY COVER
  AVERAGE SKY COVER 0.9


WEATHER CONDITIONS
 THE FOLLOWING WEATHER WAS RECORDED TODAY.
  THUNDERSTORM
  HEAVY RAIN
  RAIN
  LIGHT RAIN
  FOG


RELATIVE HUMIDITY (PERCENT)
 HIGHEST   100
 LOWEST     79
 AVERAGE    90

..........................................................


THE MIAMI CLIMATE NORMALS FOR TOMORROW
                         NORMAL    RECORD    YEAR
 MAXIMUM TEMPERATURE (F)   88        98      2017
 MINIMUM TEMPERATURE (F)   75        60      1937


SUNRISE AND SUNSET
MAY 27 2018...........SUNRISE   631 AM EDT   SUNSET   806 PM EDT
MAY 28 2018...........SUNRISE   630 AM EDT   SUNSET   807 PM EDT


-  INDICATES NEGATIVE NUMBERS.
R  INDICATES RECORD WAS SET OR TIED.
MM INDICATES DATA IS MISSING.
T  INDICATES TRACE AMOUNT.




$$
