000
CDUS44 KMEG 230640
CLIMKL


CLIMATE REPORT
NATIONAL WEATHER SERVICE MEMPHIS TN
139 AM CDT WED MAY 23 2018


...................................

...THE JACKSON CLIMATE SUMMARY FOR MAY 22 2018...

CLIMATE NORMAL PERIOD 1981 TO 2010
CLIMATE RECORD PERIOD 1948 TO 2018


WEATHER ITEM   OBSERVED TIME   RECORD YEAR NORMAL DEPARTURE LAST
                VALUE   (LST)  VALUE       VALUE  FROM      YEAR
                                                  NORMAL
..................................................................
TEMPERATURE (F)
 YESTERDAY
  MAXIMUM         84   1122 AM  92    1987  81      3       76
                                      1975
                                      1972
  MINIMUM         68    240 AM  42    2015  59      9       58
                                      2002
  AVERAGE         76                        70      6       67

PRECIPITATION (IN)
  YESTERDAY        1.10          2.21 1957   0.17   0.93     0.00
  MONTH TO DATE    3.15                      4.06  -0.91     1.44
  SINCE MAR 1     14.48                     13.67   0.81    14.89
  SINCE JAN 1     33.19                     21.91  11.28    19.72

DEGREE DAYS
 HEATING
  YESTERDAY        0                         1     -1        0
  MONTH TO DATE    1                        41    -40       39
  SINCE MAR 1    754                       683     71      477
  SINCE JUL 1   3497                      3567    -70     2517

 COOLING
  YESTERDAY       11                         6      5        2
  MONTH TO DATE  205                        94    111      102
  SINCE MAR 1    220                       152     68      204
  SINCE JAN 1    238                       153     85      206
..................................................................


WIND (MPH)
  HIGHEST WIND SPEED    16   HIGHEST WIND DIRECTION     W (250)
  HIGHEST GUST SPEED    20   HIGHEST GUST DIRECTION    SW (240)
  AVERAGE WIND SPEED     3.0


SKY COVER
  POSSIBLE SUNSHINE  MM
  AVERAGE SKY COVER 0.3


WEATHER CONDITIONS
 THE FOLLOWING WEATHER WAS RECORDED YESTERDAY.
  THUNDERSTORM
  HEAVY RAIN
  LIGHT RAIN
  FOG
  FOG W/VISIBILITY <= 1/4 MILE
  HAZE


RELATIVE HUMIDITY (PERCENT)
 HIGHEST   100           100 AM
 LOWEST     70          1100 AM
 AVERAGE    85

..........................................................


THE JACKSON CLIMATE NORMALS FOR TODAY
                         NORMAL    RECORD    YEAR
 MAXIMUM TEMPERATURE (F)   82        93      1996
 MINIMUM TEMPERATURE (F)   59        40      1963


SUNRISE AND SUNSET
MAY 23 2018...........SUNRISE   545 AM CDT   SUNSET   800 PM CDT
MAY 24 2018...........SUNRISE   545 AM CDT   SUNSET   801 PM CDT


-  INDICATES NEGATIVE NUMBERS.
R  INDICATES RECORD WAS SET OR TIED.
MM INDICATES DATA IS MISSING.
T  INDICATES TRACE AMOUNT.


$$
