326
CDUS43 KDVN 252124
CLIMLI


CLIMATE REPORT
NATIONAL WEATHER SERVICE QUAD CITIES IA IL
423 PM CDT FRI MAY 25 2018


...................................

...THE MOLINE IL CLIMATE SUMMARY FOR MAY 25 2018...
VALID TODAY AS OF 0400 PM LOCAL TIME.

CLIMATE NORMAL PERIOD 1981 TO 2010
CLIMATE RECORD PERIOD 1872 TO 2018


WEATHER ITEM   OBSERVED TIME   RECORD YEAR NORMAL DEPARTURE LAST
                VALUE   (LST)  VALUE       VALUE  FROM      YEAR
                                                  NORMAL
..................................................................
TEMPERATURE (F)
 TODAY
  MAXIMUM         86   1053 AM  94    1967  76     10       74
  MINIMUM         64    138 AM  35    1979  54     10       53
  AVERAGE         75                        65     10       64

PRECIPITATION (IN)
  TODAY            0.40          1.75 1984   0.14   0.26     0.00
  MONTH TO DATE    2.95                      3.45  -0.50     2.40
  SINCE MAR 1      7.18                      9.90  -2.72    11.52
  SINCE JAN 1     11.01                     12.99  -1.98    13.93

SNOWFALL (IN)
  TODAY            0.0          MM      MM   0.0    0.0      0.0
  MONTH TO DATE    0.0                       0.0    0.0      0.0
  SINCE MAR 1     13.6                       4.9    8.7      5.9
  SINCE JUL 1     41.7                      31.6   10.1     22.4
  SNOW DEPTH       0

DEGREE DAYS
 HEATING
  TODAY            0                         3     -3        1
  MONTH TO DATE   25                       145   -120      160
  SINCE MAR 1   1521                      1370    151     1222
  SINCE JUL 1   6148                      6168    -20     5025

 COOLING
  TODAY           10                         3      7        0
  MONTH TO DATE   90                        43     47       38
  SINCE MAR 1     90                        57     33       52
  SINCE JAN 1     90                        57     33       52
..................................................................


WIND (MPH)
  HIGHEST WIND SPEED    22   HIGHEST WIND DIRECTION     S (180)
  HIGHEST GUST SPEED    29   HIGHEST GUST DIRECTION     S (170)
  AVERAGE WIND SPEED     6.5


SKY COVER
  POSSIBLE SUNSHINE  MM
  AVERAGE SKY COVER 0.2


WEATHER CONDITIONS
 THE FOLLOWING WEATHER WAS RECORDED TODAY.
  THUNDERSTORM
  HEAVY RAIN
  RAIN
  HAZE


RELATIVE HUMIDITY (PERCENT)
 HIGHEST    87           200 AM
 LOWEST     51          1000 AM
 AVERAGE    69

..........................................................


THE MOLINE IL CLIMATE NORMALS FOR TOMORROW
                         NORMAL    RECORD    YEAR
 MAXIMUM TEMPERATURE (F)   76        95      1985
 MINIMUM TEMPERATURE (F)   54        38      1992
                                             1979


SUNRISE AND SUNSET
MAY 25 2018...........SUNRISE   535 AM CDT   SUNSET   824 PM CDT
MAY 26 2018...........SUNRISE   534 AM CDT   SUNSET   825 PM CDT


-  INDICATES NEGATIVE NUMBERS.
R  INDICATES RECORD WAS SET OR TIED.
MM INDICATES DATA IS MISSING.
T  INDICATES TRACE AMOUNT.




$$
