000
CDUS44 KSHV 200749
CLIMLU


CLIMATE REPORT
NATIONAL WEATHER SERVICE SHREVEPORT, LA
249 AM CDT FRI APR 20 2018


...................................

...THE MONROE CLIMATE SUMMARY FOR APRIL 19 2018...

CLIMATE NORMAL PERIOD 1981 TO 2010
CLIMATE RECORD PERIOD 1893 TO 2018


WEATHER ITEM   OBSERVED TIME   RECORD YEAR NORMAL DEPARTURE LAST
                VALUE   (LST)  VALUE       VALUE  FROM      YEAR
                                                  NORMAL
..................................................................
TEMPERATURE (F)
 YESTERDAY
  MAXIMUM         67    424 PM  93    1987  79    -12       85
  MINIMUM         45   1159 PM  38    1983  55    -10       63
                                      1953
  AVERAGE         56                        67    -11       74

PRECIPITATION (IN)
  YESTERDAY        0.00          2.62 1982   0.16  -0.16     0.00
  MONTH TO DATE    3.23                      2.80   0.43     2.80
  SINCE DEC 1     25.72                     22.45   3.27    21.32
  SINCE JAN 1     22.20                     17.16   5.04    16.49

SNOWFALL (IN)
  YESTERDAY        0.0
  MONTH TO DATE    0.0
  SINCE MAR 1      0.0
  SINCE JUL 1      1.5
  SNOW DEPTH       0

DEGREE DAYS
 HEATING
  YESTERDAY        9                         2      7        0
  MONTH TO DATE  105                        67     38       19
  SINCE MAR 1    277                       317    -40      184
  SINCE JUL 1   2058                      2211   -153     1380

 COOLING
  YESTERDAY        0                         4     -4        9
  MONTH TO DATE   36                        52    -16       87
  SINCE MAR 1     87                        84      3      178
  SINCE JAN 1    124                        95     29      237
..................................................................


WIND (MPH)
  HIGHEST WIND SPEED    21   HIGHEST WIND DIRECTION     N (10)
  HIGHEST GUST SPEED    26   HIGHEST GUST DIRECTION     N (360)
  AVERAGE WIND SPEED    10.8


SKY COVER
  POSSIBLE SUNSHINE  MM
  AVERAGE SKY COVER 0.0


WEATHER CONDITIONS
 THE FOLLOWING WEATHER WAS RECORDED YESTERDAY.
  NO SIGNIFICANT WEATHER WAS OBSERVED.


RELATIVE HUMIDITY (PERCENT)
 HIGHEST    71          1100 PM
 LOWEST     37           200 PM
 AVERAGE    54

..........................................................


THE MONROE CLIMATE NORMALS FOR TODAY
                         NORMAL    RECORD    YEAR
 MAXIMUM TEMPERATURE (F)   79        94      1987
 MINIMUM TEMPERATURE (F)   55        37      1953


SUNRISE AND SUNSET
APRIL 20 2018.........SUNRISE   633 AM CDT   SUNSET   742 PM CDT
APRIL 21 2018.........SUNRISE   632 AM CDT   SUNSET   742 PM CDT


-  INDICATES NEGATIVE NUMBERS.
R  INDICATES RECORD WAS SET OR TIED.
MM INDICATES DATA IS MISSING.
T  INDICATES TRACE AMOUNT.




$$
