000
CDUS46 KOTX 220824
CLIMWH


CLIMATE REPORT
NATIONAL WEATHER SERVICE SPOKANE, WA
121 AM PDT SUN APR 22 2018


...................................

...THE MOSES LAKE WA AIRPORT CLIMATE SUMMARY FOR APRIL 21 2018...

CLIMATE NORMAL PERIOD 1981 TO 2010
CLIMATE RECORD PERIOD 9999 TO 9999


WEATHER ITEM   OBSERVED TIME   RECORD YEAR NORMAL DEPARTURE LAST
                VALUE   (LST)  VALUE       VALUE  FROM      YEAR
                                                  NORMAL
..................................................................
TEMPERATURE (F)
 YESTERDAY
  MAXIMUM         64    153 PM  MM      MM  65     -1       65
  MINIMUM         40   1159 PM  MM      MM  38      2       38
  AVERAGE         52                        51      1       52

PRECIPITATION (IN)
  YESTERDAY        0.00         MM      MM   0.02  -0.02     0.00
  MONTH TO DATE    1.12                      0.50   0.62     0.94
  SINCE OCT 1      6.94                      6.51   0.43     8.84
  SINCE JAN 1      3.77                      3.22   0.55     4.95

DEGREE DAYS
 HEATING
  YESTERDAY       13                        14     -1       13
  MONTH TO DATE  333                       334     -1      327
  SINCE MAR 1    987                      1001    -14      975
  SINCE JUL 1   5269                      5506   -237     5826

 COOLING
  YESTERDAY        0                         0      0        0
  MONTH TO DATE    0                         0      0        0
  SINCE MAR 1      0                         0      0        0
  SINCE JAN 1      0                         0      0        0
..................................................................


WIND (MPH)
  HIGHEST WIND SPEED    28   HIGHEST WIND DIRECTION     W (250)
  HIGHEST GUST SPEED    35   HIGHEST GUST DIRECTION    SW (240)
  AVERAGE WIND SPEED    15.1


SKY COVER
  POSSIBLE SUNSHINE  MM
  AVERAGE SKY COVER 0.2


WEATHER CONDITIONS
 THE FOLLOWING WEATHER WAS RECORDED YESTERDAY.
  BLOWING DUST


RELATIVE HUMIDITY (PERCENT)
 HIGHEST    54           600 AM
 LOWEST     17           200 PM
 AVERAGE    36

..........................................................


THE MOSES LAKE WA AIRPORT CLIMATE NORMALS FOR TODAY
                         NORMAL    RECORD    YEAR
 MAXIMUM TEMPERATURE (F)   65        MM        MM
 MINIMUM TEMPERATURE (F)   38        MM        MM


SUNRISE AND SUNSET
APRIL 22 2018.........SUNRISE   556 AM PDT   SUNSET   756 PM PDT
APRIL 23 2018.........SUNRISE   554 AM PDT   SUNSET   757 PM PDT


-  INDICATES NEGATIVE NUMBERS.
R  INDICATES RECORD WAS SET OR TIED.
MM INDICATES DATA IS MISSING.
T  INDICATES TRACE AMOUNT.




$$
