000
CDUS44 KLIX 240701
CLINEW


CLIMATE REPORT
NATIONAL WEATHER SERVICE NEW ORLEANS
NATIONAL WEATHER SERVICE NEW ORL
201 AM CDT TUE APR 24 2018


...................................

...THE NEW ORLEANS CLIMATE SUMMARY FOR APRIL 23 2018...

CLIMATE NORMAL PERIOD 1981 TO 2010
CLIMATE RECORD PERIOD 1946 TO 2018


WEATHER ITEM   OBSERVED TIME   RECORD YEAR NORMAL DEPARTURE LAST
                VALUE   (LST)  VALUE       VALUE  FROM      YEAR
                                                  NORMAL
..................................................................
TEMPERATURE (F)
 YESTERDAY
  MAXIMUM         75    350 PM  88    1971  80     -5       69
                                      1967
  MINIMUM         54    517 AM  46    1993  62     -8       54
  AVERAGE         65                        71     -6       62

PRECIPITATION (IN)
  YESTERDAY        0.00          1.65 2010   0.14  -0.14      T
  MONTH TO DATE    5.79                      3.48   2.31     2.55
  SINCE MAR 1      8.79                      8.03   0.76     5.43
  SINCE JAN 1     16.43                     18.48  -2.05    13.07

SNOWFALL (IN)
  YESTERDAY        0.0
  MONTH TO DATE    0.0
  SINCE MAR 1      0.0
  SINCE JUL 1      T
  SNOW DEPTH       0

DEGREE DAYS
 HEATING
  YESTERDAY        0                         0      0        3
  MONTH TO DATE   32                        32      0       10
  SINCE MAR 1    120                       168    -48       69
  SINCE JUL 1   1119                      1277   -158      630

 COOLING
  YESTERDAY        0                         6     -6        0
  MONTH TO DATE   62                       106    -44      148
  SINCE MAR 1    170                       169      1      287
  SINCE JAN 1    319                       206    113      407
..................................................................


WIND (MPH)
  HIGHEST WIND SPEED    18   HIGHEST WIND DIRECTION     W (280)
  HIGHEST GUST SPEED    24   HIGHEST GUST DIRECTION     W (270)
  AVERAGE WIND SPEED     8.6


SKY COVER
  POSSIBLE SUNSHINE  MM
  AVERAGE SKY COVER 0.4


WEATHER CONDITIONS
 THE FOLLOWING WEATHER WAS RECORDED YESTERDAY.
  NO SIGNIFICANT WEATHER WAS OBSERVED.


RELATIVE HUMIDITY (PERCENT)
 HIGHEST    93           400 AM
 LOWEST     53           200 PM
 AVERAGE    73

..........................................................


THE NEW ORLEANS CLIMATE NORMALS FOR TODAY
                         NORMAL    RECORD    YEAR
 MAXIMUM TEMPERATURE (F)   80        90      1988
                                             1958
 MINIMUM TEMPERATURE (F)   62        44      1968


SUNRISE AND SUNSET
APRIL 24 2018.........SUNRISE   625 AM CDT   SUNSET   734 PM CDT
APRIL 25 2018.........SUNRISE   624 AM CDT   SUNSET   735 PM CDT


-  INDICATES NEGATIVE NUMBERS.
R  INDICATES RECORD WAS SET OR TIED.
MM INDICATES DATA IS MISSING.
T  INDICATES TRACE AMOUNT.




$$
