000
CDUS43 KOAX 200631
CLIOFK


CLIMATE REPORT
NATIONAL WEATHER SERVICE OMAHA NEBRASKA
130 AM CDT FRI APR 20 2018


...................................

...THE NORFOLK, NEBRASKA CLIMATE SUMMARY FOR APRIL 19 2018...

CLIMATE NORMAL PERIOD 1981 TO 2010
CLIMATE RECORD PERIOD 1888 TO 2018


WEATHER ITEM   OBSERVED TIME   RECORD YEAR NORMAL DEPARTURE LAST
                VALUE   (LST)  VALUE       VALUE  FROM      YEAR
                                                  NORMAL
..................................................................
TEMPERATURE (F)
 YESTERDAY
  MAXIMUM         55    402 PM  90    1987  63     -8       52
  MINIMUM         27    559 AM  13    1907  39    -12       45
  AVERAGE         41                        51    -10       49

PRECIPITATION (IN)
  YESTERDAY        0.00          1.46 1993   0.09  -0.09     0.24
  MONTH TO DATE    1.00                      1.56  -0.56     1.54
  SINCE MAR 1      2.63                      3.33  -0.70     2.75
  SINCE JAN 1      4.35                      4.68  -0.33     4.99

SNOWFALL (IN)
  YESTERDAY        0.0                       0.1   -0.1      0.0
  MONTH TO DATE   10.9                       2.0    8.9       T
  SINCE JUL 1     45.2                      29.9   15.3     30.2
  SNOW DEPTH       0

DEGREE DAYS
 HEATING
  YESTERDAY       24                        14     10       16
  MONTH TO DATE  576                       337    239      244
  SINCE MAR 1   1431                      1193    238     1010
  SINCE JUL 1   6631                      6286    345     5465

 COOLING
  YESTERDAY        0                         1     -1        0
  MONTH TO DATE    0                         1     -1        0
  SINCE MAR 1      0                         1     -1        0
  SINCE JAN 1      0                         1     -1        0
..................................................................


WIND (MPH)
  HIGHEST WIND SPEED    12   HIGHEST WIND DIRECTION     E (110)
  HIGHEST GUST SPEED    16   HIGHEST GUST DIRECTION    SE (120)
  AVERAGE WIND SPEED     5.7


SKY COVER
  POSSIBLE SUNSHINE  MM
  AVERAGE SKY COVER 0.0


WEATHER CONDITIONS
 THE FOLLOWING WEATHER WAS RECORDED YESTERDAY.
  FOG


RELATIVE HUMIDITY (PERCENT)
 HIGHEST   100           100 AM
 LOWEST     28           500 PM
 AVERAGE    64

..........................................................


THE NORFOLK, NEBRASKA CLIMATE NORMALS FOR TODAY
                         NORMAL    RECORD    YEAR
 MAXIMUM TEMPERATURE (F)   64        91      1989
                                             1980
 MINIMUM TEMPERATURE (F)   39        22      1953
                                             1943


SUNRISE AND SUNSET
APRIL 20 2018.........SUNRISE   641 AM CDT   SUNSET   816 PM CDT
APRIL 21 2018.........SUNRISE   640 AM CDT   SUNSET   818 PM CDT


-  INDICATES NEGATIVE NUMBERS.
R  INDICATES RECORD WAS SET OR TIED.
MM INDICATES DATA IS MISSING.
T  INDICATES TRACE AMOUNT.




$$
