000
CDUS46 KSEW 220833
CLIOLM


CLIMATE REPORT
NATIONAL WEATHER SERVICE SEATTLE WA
132 AM PDT TUE MAY 22 2018


...................................

...THE OLYMPIA WA AIRPORT CLIMATE SUMMARY FOR MAY 21 2018...

CLIMATE NORMAL PERIOD 1981 TO 2010
CLIMATE RECORD PERIOD 1948 TO 2018


WEATHER ITEM   OBSERVED TIME   RECORD YEAR NORMAL DEPARTURE LAST
                VALUE   (LST)  VALUE       VALUE  FROM      YEAR
                                                  NORMAL
..................................................................
TEMPERATURE (F)
 YESTERDAY
  MAXIMUM         70    421 PM  89    1963  66      4       80
  MINIMUM         42    116 AM  32    1976  44     -2       45
                                      1973
  AVERAGE         56                        55      1       63

PRECIPITATION (IN)
  YESTERDAY        0.00          0.57 1990   0.07  -0.07     0.00
  MONTH TO DATE    0.15                      1.61  -1.46     2.98
  SINCE OCT 1     49.24                     44.24   5.00    60.95
  SINCE JAN 1     23.48                     23.55  -0.07    32.85

DEGREE DAYS
 HEATING
  YESTERDAY        9                        10     -1        2
  MONTH TO DATE  150                       249    -99      243
  SINCE MAR 1   1319                      1386    -67     1391
  SINCE JUL 1   4889                      5108   -219     5119

 COOLING
  YESTERDAY        0                         0      0        0
  MONTH TO DATE    3                         0      3        3
  SINCE MAR 1      3                         0      3        3
  SINCE JAN 1      3                         0      3        3
..................................................................


WIND (MPH)
  RESULTANT WIND SPEED   2   RESULTANT WIND DIRECTION  NE (40)
  HIGHEST WIND SPEED    13   HIGHEST WIND DIRECTION     N (360)
  HIGHEST GUST SPEED    16   HIGHEST GUST DIRECTION     N (360)
  AVERAGE WIND SPEED     2.8


SKY COVER
  AVERAGE SKY COVER 0.6


WEATHER CONDITIONS
 THE FOLLOWING WEATHER WAS RECORDED YESTERDAY.
  FOG


RELATIVE HUMIDITY (PERCENT)
 HIGHEST   100           100 AM
 LOWEST     47           400 PM
 AVERAGE    74

..........................................................


THE OLYMPIA WA AIRPORT CLIMATE NORMALS FOR TODAY
                         NORMAL    RECORD    YEAR
 MAXIMUM TEMPERATURE (F)   67        91      2001
 MINIMUM TEMPERATURE (F)   44        31      1960


SUNRISE AND SUNSET
MAY 22 2018...........SUNRISE   528 AM PDT   SUNSET   849 PM PDT
MAY 23 2018...........SUNRISE   528 AM PDT   SUNSET   850 PM PDT


-  INDICATES NEGATIVE NUMBERS.
R  INDICATES RECORD WAS SET OR TIED.
MM INDICATES DATA IS MISSING.
T  INDICATES TRACE AMOUNT.




$$
