000
CDUS46 KSGX 251130
CLIONT


CLIMATE REPORT
NATIONAL WEATHER SERVICE SAN DIEGO, CA
430 AM PDT WED APR 25 2018


...................................

...THE ONTARIO INTL AIRPORT CA CLIMATE SUMMARY FOR APRIL 24 2018...

CLIMATE NORMAL PERIOD 1981 TO 2010
CLIMATE RECORD PERIOD 1998 TO 2018


WEATHER ITEM   OBSERVED TIME   RECORD YEAR NORMAL DEPARTURE LAST
                VALUE   (LST)  VALUE       VALUE  FROM      YEAR
                                                  NORMAL
..................................................................
TEMPERATURE (F)
 YESTERDAY
  MAXIMUM         83    216 PM  91    2001  75      8       70
  MINIMUM         54    554 AM  47    2006  52      2       55
  AVERAGE         69                        64      5       63

PRECIPITATION (IN)
  YESTERDAY        0.00          0.21 2002   0.03  -0.03     0.00
  MONTH TO DATE    T                         0.77  -0.77     0.04
  SINCE OCT 1      3.73                     13.96 -10.23    15.06
  SINCE JAN 1      3.73                      9.79  -6.06    10.18

DEGREE DAYS
 HEATING
  YESTERDAY        0                         3     -3        2
  MONTH TO DATE   41                       106    -65       29
  SINCE MAR 1    233                       318    -85      141
  SINCE JUL 1    797                      1475   -678     1238

 COOLING
  YESTERDAY        4                         2      2        0
  MONTH TO DATE   63                        30     33       56
  SINCE MAR 1     73                        42     31      113
  SINCE JAN 1    103                        48     55      114
..................................................................


WIND (MPH)
  RESULTANT WIND SPEED   5   RESULTANT WIND DIRECTION   W (260)
  HIGHEST WIND SPEED    17   HIGHEST WIND DIRECTION     W (260)
  HIGHEST GUST SPEED    28   HIGHEST GUST DIRECTION     W (280)
  AVERAGE WIND SPEED     6.2


SKY COVER
  POSSIBLE SUNSHINE  MM
  AVERAGE SKY COVER 0.7


WEATHER CONDITIONS
 THE FOLLOWING WEATHER WAS RECORDED YESTERDAY.
  HAZE


RELATIVE HUMIDITY (PERCENT)
 HIGHEST    83           600 AM
 LOWEST     17           200 PM
 AVERAGE    50

..........................................................


THE ONTARIO INTL AIRPORT CA CLIMATE NORMALS FOR TODAY
                         NORMAL    RECORD    YEAR
 MAXIMUM TEMPERATURE (F)   76        96      2004
 MINIMUM TEMPERATURE (F)   52        49      2016
                                             2010


SUNRISE AND SUNSET
APRIL 25 2018.........SUNRISE   608 AM PDT   SUNSET   730 PM PDT
APRIL 26 2018.........SUNRISE   606 AM PDT   SUNSET   731 PM PDT


-  INDICATES NEGATIVE NUMBERS.
R  INDICATES RECORD WAS SET OR TIED.
MM INDICATES DATA IS MISSING.
T  INDICATES TRACE AMOUNT.




$$
