000
CDUS41 KAKQ 210545
CLIORF


CLIMATE REPORT
NATIONAL WEATHER SERVICE WAKEFIELD, VA
145 AM EDT SAT APR 21 2018


...................................

...THE NORFOLK VA CLIMATE SUMMARY FOR APRIL 20 2018...

CLIMATE NORMAL PERIOD 1981 TO 2010
CLIMATE RECORD PERIOD 1871 TO 2018


WEATHER ITEM   OBSERVED TIME   RECORD YEAR NORMAL DEPARTURE LAST
                VALUE   (LST)  VALUE       VALUE  FROM      YEAR
                                                  NORMAL
..................................................................
TEMPERATURE (F)
 YESTERDAY
  MAXIMUM         57    335 PM  91    1941  69    -12       85
  MINIMUM         43   1145 PM  33    1926  50     -7       62
  AVERAGE         50                        60    -10       74

PRECIPITATION (IN)
  YESTERDAY        0.00          5.86 1991   0.12  -0.12     0.00
  MONTH TO DATE    1.81                      2.29  -0.48     1.16
  SINCE MAR 1      5.69                      5.97  -0.28     5.77
  SINCE JAN 1     10.93                     12.49  -1.56    10.84

SNOWFALL (IN)
  YESTERDAY        0.0           0.0  2002   0.0    0.0
  MONTH TO DATE    0.0                       0.0    0.0
  SINCE NOV 1     15.1                       5.8    9.3
  SINCE JUL 1     15.1                       5.8    9.3
  SNOW DEPTH       0

DEGREE DAYS
 HEATING
  YESTERDAY       15                         7      8        0
  MONTH TO DATE  182                       182      0       79
  SINCE MAR 1    768                       674     94      551
  SINCE JUL 1   3122                      3243   -121     2603

 COOLING
  YESTERDAY        0                         1     -1        9
  MONTH TO DATE   21                        20      1       60
  SINCE MAR 1     28                        26      2       76
  SINCE JAN 1     43                        27     16       79
..................................................................


WIND (MPH)
  HIGHEST WIND SPEED    17   HIGHEST WIND DIRECTION     N (340)
  HIGHEST GUST SPEED    25   HIGHEST GUST DIRECTION     N (340)
  AVERAGE WIND SPEED     7.7


SKY COVER
  POSSIBLE SUNSHINE  MM
  AVERAGE SKY COVER 0.0


WEATHER CONDITIONS
 THE FOLLOWING WEATHER WAS RECORDED YESTERDAY.
  NO SIGNIFICANT WEATHER WAS OBSERVED.


RELATIVE HUMIDITY (PERCENT)
 HIGHEST    70          1100 PM
 LOWEST     32          1200 PM
 AVERAGE    51

..........................................................


THE NORFOLK VA CLIMATE NORMALS FOR TODAY
                         NORMAL    RECORD    YEAR
 MAXIMUM TEMPERATURE (F)   69        91      1957
 MINIMUM TEMPERATURE (F)   51        32      1888


SUNRISE AND SUNSET
APRIL 21 2018.........SUNRISE   623 AM EDT   SUNSET   745 PM EDT
APRIL 22 2018.........SUNRISE   621 AM EDT   SUNSET   746 PM EDT


-  INDICATES NEGATIVE NUMBERS.
R  INDICATES RECORD WAS SET OR TIED.
MM INDICATES DATA IS MISSING.
T  INDICATES TRACE AMOUNT.




$$
