000
CDUS46 KMFR 240039
CLIOTH


CLIMATE REPORT
NATIONAL WEATHER SERVICE MEDFORD, OR
539 PM PDT WED MAY 23 2018


...................................

...THE NORTH BEND OR CLIMATE SUMMARY FOR MAY 23 2018...
VALID TODAY AS OF 0500 PM LOCAL TIME.

CLIMATE NORMAL PERIOD 1981 TO 2010
CLIMATE RECORD PERIOD 1902 TO 2018


WEATHER ITEM   OBSERVED TIME   RECORD YEAR NORMAL DEPARTURE LAST
                VALUE   (LST)  VALUE       VALUE  FROM      YEAR
                                                  NORMAL
..................................................................
TEMPERATURE (F)
 TODAY
  MAXIMUM         60        MM  75    1999  60      0       61
  MINIMUM         53        MM  38    1919  48      5       52
                                      1991
  AVERAGE         57                        54      3       57

PRECIPITATION (IN)
  TODAY            0.00          0.93 1989   0.11  -0.11     0.00
  MONTH TO DATE    0.01                      2.55  -2.54     4.57
  SINCE OCT 1     45.07                     59.42 -14.35    78.92
  SINCE JAN 1     26.17                     33.33  -7.16    44.77

SNOWFALL (IN)
  TODAY           MM                         0.0   MM       MM
  MONTH TO DATE    0.0                       0.0    0.0     MM
  SINCE JUL 1      0.0                       0.4   -0.4      0.0
  SNOW DEPTH      MM

DEGREE DAYS
 HEATING
  TODAY            8                        11     -3        8
  MONTH TO DATE  221                       288    -67      247
  SINCE MAR 1   1204                      1300    -96     1087
  SINCE JUL 1   3890                      4474   -584     3863

 COOLING
  TODAY            0                         0      0        0
  MONTH TO DATE    0                         0      0        0
  SINCE MAR 1      0                         0      0        0
  SINCE JAN 1      0                         0      0        0
..................................................................


WIND (MPH)
  HIGHEST WIND SPEED     9   HIGHEST WIND DIRECTION    NW (330)
  HIGHEST GUST SPEED    MM   HIGHEST GUST DIRECTION    MM
  AVERAGE WIND SPEED     5.6


SKY COVER
  POSSIBLE SUNSHINE  MM
  AVERAGE SKY COVER 1.0


WEATHER CONDITIONS
 THE FOLLOWING WEATHER WAS RECORDED TODAY.
  FOG


RELATIVE HUMIDITY (PERCENT)
 HIGHEST    93          1200 AM
 LOWEST     75           200 PM

..........................................................


THE NORTH BEND OR CLIMATE NORMALS FOR TOMORROW
                         NORMAL    RECORD    YEAR
 MAXIMUM TEMPERATURE (F)   60        76      1986
 MINIMUM TEMPERATURE (F)   48        35      1926


SUNRISE AND SUNSET
MAY 23 2018...........SUNRISE   545 AM PDT   SUNSET   843 PM PDT
MAY 24 2018...........SUNRISE   544 AM PDT   SUNSET   844 PM PDT


-  INDICATES NEGATIVE NUMBERS.
R  INDICATES RECORD WAS SET OR TIED.
MM INDICATES DATA IS MISSING.
T  INDICATES TRACE AMOUNT.




$$
