837
CDAK49 PAFG 240056
CLIOTZ

CLIMATE REPORT
NATIONAL WEATHER SERVICE FAIRBANKS AK
456 PM AKDT WED MAY 23 2018


...................................

...THE KOTZEBUE AK CLIMATE SUMMARY FOR MAY 23 2018...
VALID TODAY AS OF 0400 PM LOCAL TIME.

CLIMATE NORMAL PERIOD 1981 TO 2010
CLIMATE RECORD PERIOD 1920 TO 2018


WEATHER ITEM   OBSERVED TIME   RECORD YEAR NORMAL DEPARTURE LAST
                VALUE   (LST)  VALUE       VALUE  FROM      YEAR
                                                  NORMAL
..................................................................
TEMPERATURE (F)
 TODAY
  MAXIMUM         34    257 PM  68    2002  41     -7       44
  MINIMUM         31    824 AM  11    2000  30      1       34
  AVERAGE         33                        35     -2       39

PRECIPITATION (IN)
  TODAY            0.00          0.38 1959   0.01  -0.01     0.13
  MONTH TO DATE    0.36                      0.32   0.04     0.18
  SINCE MAR 1      2.60                      1.30   1.30     0.26
  SINCE JAN 1      3.98                      2.58   1.40     1.85

SNOWFALL (IN)
  TODAY            0.0           1.1  1964   0.0    0.0      0.0
  MONTH TO DATE    2.9                       1.1    1.8      0.2
  SINCE MAR 1     28.2                      12.1   16.1      2.4
  SINCE JUL 1    107.6                      59.7   47.9     52.6
  SNOW DEPTH       T

DEGREE DAYS
 HEATING
  TODAY           32                        30      2       26
  MONTH TO DATE  685                       803   -118      716
  SINCE MAR 1   3604                      4336   -732     4097
  SINCE JUL 1  12290                     14581  -2291    12956

 COOLING
  TODAY            0                         0      0        0
  MONTH TO DATE    0                         0      0        0
  SINCE MAR 1      0                         0      0        0
  SINCE JAN 1      0                         0      0        0
..................................................................


WIND (MPH)
  HIGHEST GUST SPEED    12   HIGHEST GUST DIRECTION     W (270)


SKY COVER
  AVERAGE SKY COVER 1.0


WEATHER CONDITIONS
 THE FOLLOWING WEATHER WAS RECORDED TODAY.
  FOG
  FOG W/VISIBILITY <= 1/4 MILE


RELATIVE HUMIDITY (PERCENT)
 HIGHEST   100
 LOWEST     89
 AVERAGE    95

..........................................................


THE KOTZEBUE AK CLIMATE NORMALS FOR TOMORROW
                         NORMAL    RECORD    YEAR
 MAXIMUM TEMPERATURE (F)   41        61      2011
                                             1980
 MINIMUM TEMPERATURE (F)   30        13      2001


SUNRISE AND SUNSET
MAY 23 2018...........SUNRISE   419 AM AKDT  SUNSET   121 AM AKDT
MAY 24 2018...........SUNRISE   414 AM AKDT  SUNSET   126 AM AKDT

-  INDICATES NEGATIVE NUMBERS.
R  INDICATES RECORD WAS SET OR TIED.
MM INDICATES DATA IS MISSING.
T  INDICATES TRACE AMOUNT.

&&

SNOW DEPTH IS MEASURED AT 3AM AKST/4AM AKDT.

----------------------------
AVAILABLE DAYLIGHT

AMOUNT OF DAYLIGHT TODAY  (HOUR:MIN)........20:56
GAIN/LOSS SINCE YESTERDAY (HOUR:MIN:SEC)....+0:10:20

$$
AY MAY 18
