000
CDUS42 KMFL 210829
CLIPBI


CLIMATE REPORT
NATIONAL WEATHER SERVICE MIAMI, FL
429 AM EDT MON MAY 21 2018


...................................

...THE WEST PALM BEACH CLIMATE SUMMARY FOR MAY 20 2018...

CLIMATE NORMAL PERIOD 1981 TO 2010
CLIMATE RECORD PERIOD 1888 TO 2018


WEATHER ITEM   OBSERVED TIME   RECORD YEAR NORMAL DEPARTURE LAST
                VALUE   (LST)  VALUE       VALUE  FROM      YEAR
                                                  NORMAL
..................................................................
TEMPERATURE (F)
 YESTERDAY
  MAXIMUM         82    839 AM  97    2008  86     -4       86
  MINIMUM         71    246 AM  58    1979  72     -1       79
                                      1917
  AVERAGE         77                        79     -2       83

PRECIPITATION (IN)
  YESTERDAY        0.59          7.14 1912   0.16   0.43     0.00
  MONTH TO DATE    7.35                      2.27   5.08     1.43
  SINCE NOV 1     23.50                     24.60  -1.10    14.70
  SINCE JAN 1     20.06                     16.47   3.59    10.23

SNOWFALL (IN)
  YESTERDAY        0.0
  MONTH TO DATE    0.0
  SINCE MAR 1      0.0
  SINCE JUL 1      0.0
  SNOW DEPTH       0

DEGREE DAYS
 HEATING
  YESTERDAY        0                         0      0        0
  MONTH TO DATE    0                         0      0        0
  SINCE MAR 1     39                        28     11       16
  SINCE JUL 1    179                       233    -54       68

 COOLING
  YESTERDAY       12                        14     -2       18
  MONTH TO DATE  245                       250     -5      268
  SINCE MAR 1    673                       710    -37      801
  SINCE JAN 1   1079                       945    134     1141
..................................................................


WIND (MPH)
  HIGHEST WIND SPEED    24   HIGHEST WIND DIRECTION    SE (130)
  HIGHEST GUST SPEED    32   HIGHEST GUST DIRECTION    SE (140)
  AVERAGE WIND SPEED    13.6


SKY COVER
  AVERAGE SKY COVER 1.0


WEATHER CONDITIONS
 THE FOLLOWING WEATHER WAS RECORDED YESTERDAY.
  HEAVY RAIN
  LIGHT RAIN
  FOG


RELATIVE HUMIDITY (PERCENT)
 HIGHEST   100
 LOWEST     74
 AVERAGE    87

..........................................................


THE WEST PALM BEACH CLIMATE NORMALS FOR TODAY
                         NORMAL    RECORD    YEAR
 MAXIMUM TEMPERATURE (F)   86        96      2008
 MINIMUM TEMPERATURE (F)   72        55      1894


SUNRISE AND SUNSET
MAY 21 2018...........SUNRISE   630 AM EDT   SUNSET   804 PM EDT
MAY 22 2018...........SUNRISE   630 AM EDT   SUNSET   805 PM EDT


-  INDICATES NEGATIVE NUMBERS.
R  INDICATES RECORD WAS SET OR TIED.
MM INDICATES DATA IS MISSING.
T  INDICATES TRACE AMOUNT.




$$
