000
CDUS41 KPHI 222128
CLIPHL


CLIMATE REPORT
NATIONAL WEATHER SERVICE MOUNT HOLLY NJ
527 PM EDT TUE MAY 22 2018


...................................

...THE PHILADELPHIA PA CLIMATE SUMMARY FOR MAY 22 2018...
VALID TODAY AS OF 0500 PM LOCAL TIME.

CLIMATE NORMAL PERIOD 1981 TO 2010
CLIMATE RECORD PERIOD 1872 TO 2018


WEATHER ITEM   OBSERVED TIME   RECORD YEAR NORMAL DEPARTURE LAST
                VALUE   (LST)  VALUE       VALUE  FROM      YEAR
                                                  NORMAL
..................................................................
TEMPERATURE (F)
 TODAY
  MAXIMUM         66   1055 AM  96    1941  76    -10       66
  MINIMUM         59    426 AM  43    1895  56      3       55
  AVERAGE         63                        66     -3       61

PRECIPITATION (IN)
  TODAY            0.35          1.67 1947   0.13   0.22     0.51
  MONTH TO DATE    4.26                      2.59   1.67     3.80
  SINCE MAR 1     12.94                      9.94   3.00    11.21
  SINCE JAN 1     21.81                     15.62   6.19    15.42

SNOWFALL (IN)
  TODAY            0.0           0.0    MM   0.0    0.0      0.0
  MONTH TO DATE    0.0                       0.0    0.0      0.0
  SINCE MAR 1     15.2                       3.4   11.8      7.0
  SINCE JUL 1     29.8                      22.4    7.4     15.0
  SNOW DEPTH       0

DEGREE DAYS
 HEATING
  TODAY            2                         2      0        4
  MONTH TO DATE   37                        95    -58      108
  SINCE MAR 1   1237                      1103    134     1011
  SINCE JUL 1   4397                      4585   -188     3837

 COOLING
  TODAY            0                         3     -3        0
  MONTH TO DATE   65                        40     25       58
  SINCE MAR 1     73                        53     20       98
  SINCE JAN 1     73                        53     20       98
..................................................................


WIND (MPH)
  HIGHEST WIND SPEED     9   HIGHEST WIND DIRECTION     S (200)
  HIGHEST GUST SPEED    11   HIGHEST GUST DIRECTION     N (350)
  AVERAGE WIND SPEED     3.5


SKY COVER
  POSSIBLE SUNSHINE  MM
  AVERAGE SKY COVER 1.0


WEATHER CONDITIONS
 THE FOLLOWING WEATHER WAS RECORDED TODAY.
  HEAVY RAIN
  RAIN
  LIGHT RAIN
  FOG


RELATIVE HUMIDITY (PERCENT)
 HIGHEST    90           600 AM
 LOWEST     68          1000 AM
 AVERAGE    79

..........................................................


THE PHILADELPHIA PA CLIMATE NORMALS FOR TOMORROW
                         NORMAL    RECORD    YEAR
 MAXIMUM TEMPERATURE (F)   76        96      1925
 MINIMUM TEMPERATURE (F)   56        41      1961


SUNRISE AND SUNSET
MAY 22 2018...........SUNRISE   540 AM EDT   SUNSET   816 PM EDT
MAY 23 2018...........SUNRISE   540 AM EDT   SUNSET   816 PM EDT


-  INDICATES NEGATIVE NUMBERS.
R  INDICATES RECORD WAS SET OR TIED.
MM INDICATES DATA IS MISSING.
T  INDICATES TRACE AMOUNT.




$$
