000
CDUS45 KPIH 230730
CLIPIH


CLIMATE REPORT
NATIONAL WEATHER SERVICE POCATELLO ID
130 AM MDT MON APR 23 2018


...................................

...THE POCATELLO ID CLIMATE SUMMARY FOR APRIL 22 2018...

CLIMATE NORMAL PERIOD 1981 TO 2010
CLIMATE RECORD PERIOD 1939 TO 2018


WEATHER ITEM   OBSERVED TIME   RECORD YEAR NORMAL DEPARTURE LAST
                VALUE   (LST)  VALUE       VALUE  FROM      YEAR
                                                  NORMAL
..................................................................
TEMPERATURE (F)
 YESTERDAY
  MAXIMUM         75    322 PM  85    2012  60     15       62
  MINIMUM         36    538 AM  21    2008  34      2       26
  AVERAGE         56                        47      9       44

PRECIPITATION (IN)
  YESTERDAY        0.03          0.46 2010   0.04  -0.01     0.00
  MONTH TO DATE    0.81                      0.80   0.01     1.93
  SINCE OCT 1      6.84                      7.24  -0.40    15.38
  SINCE JAN 1      4.05                      4.02   0.03     8.82

SNOWFALL (IN)
  YESTERDAY        0.0
  MONTH TO DATE    T
  SINCE MAR 1      8.3
  SINCE JUL 1     30.5
  SNOW DEPTH       0

DEGREE DAYS
 HEATING
  YESTERDAY        9                        18     -9       21
  MONTH TO DATE  388                       448    -60      438
  SINCE MAR 1   1199                      1287    -88     1106
  SINCE JUL 1   5907                      6560   -653     6355

 COOLING
  YESTERDAY        0                         0      0        0
  MONTH TO DATE    0                         0      0        0
  SINCE MAR 1      0                         0      0        0
  SINCE JAN 1      0                         0      0        0
..................................................................


WIND (MPH)
  HIGHEST WIND SPEED    29   HIGHEST WIND DIRECTION    SW (230)
  HIGHEST GUST SPEED    36   HIGHEST GUST DIRECTION    SW (230)
  AVERAGE WIND SPEED     9.0


SKY COVER
  POSSIBLE SUNSHINE  MM
  AVERAGE SKY COVER 0.3


WEATHER CONDITIONS
 THE FOLLOWING WEATHER WAS RECORDED YESTERDAY.
  LIGHT RAIN


RELATIVE HUMIDITY (PERCENT)
 HIGHEST    76           600 AM
 LOWEST     20           300 PM
 AVERAGE    48

..........................................................


THE POCATELLO ID CLIMATE NORMALS FOR TODAY
                         NORMAL    RECORD    YEAR
 MAXIMUM TEMPERATURE (F)   61        86      2012
 MINIMUM TEMPERATURE (F)   34        17      2013


SUNRISE AND SUNSET
APRIL 23 2018.........SUNRISE   636 AM MDT   SUNSET   822 PM MDT
APRIL 24 2018.........SUNRISE   634 AM MDT   SUNSET   823 PM MDT


-  INDICATES NEGATIVE NUMBERS.
R  INDICATES RECORD WAS SET OR TIED.
MM INDICATES DATA IS MISSING.
T  INDICATES TRACE AMOUNT.




$$
