000
CDUS41 KRLX 262118
CLIPKB


CLIMATE REPORT
NATIONAL WEATHER SERVICE CHARLESTON WV
518 PM EDT THU APR 26 2018


...................................

...THE PARKERSBURG WV CLIMATE SUMMARY FOR APRIL 26 2018...
VALID TODAY AS OF 0500 PM LOCAL TIME.

CLIMATE NORMAL PERIOD 1981 TO 2010
CLIMATE RECORD PERIOD 1889 TO 2018


WEATHER ITEM   OBSERVED TIME   RECORD YEAR NORMAL DEPARTURE LAST
                VALUE   (LST)  VALUE       VALUE  FROM      YEAR
                                                  NORMAL
..................................................................
TEMPERATURE (F)
 TODAY
  MAXIMUM         66    227 PM  91    1948  70     -4       83
  MINIMUM         39    609 AM  31    1928  45     -6       48
  AVERAGE         53                        57     -4       66

PRECIPITATION (IN)
  TODAY            0.00          1.71 2016   0.11  -0.11     0.00
  MONTH TO DATE    5.08                      2.83   2.25     3.48
  SINCE MAR 1      8.36                      6.56   1.80     8.03
  SINCE JAN 1     18.87                     12.21   6.66    16.58

DEGREE DAYS
 HEATING
  TODAY           12                         9      3        0
  MONTH TO DATE  442                       314    128      181
  SINCE MAR 1   1220                       985    235      817
  SINCE JUL 1   4875                      4775    100     3848

 COOLING
  TODAY            0                         1     -1        1
  MONTH TO DATE   20                        16      4       19
  SINCE MAR 1     20                        19      1       21
  SINCE JAN 1     26                        19      7       25
..................................................................


WIND (MPH)
  HIGHEST WIND SPEED    10   HIGHEST WIND DIRECTION     E (80)
  HIGHEST GUST SPEED    13   HIGHEST GUST DIRECTION     E (80)
  AVERAGE WIND SPEED     2.8


SKY COVER
  POSSIBLE SUNSHINE  MM
  AVERAGE SKY COVER 0.4


WEATHER CONDITIONS
 THE FOLLOWING WEATHER WAS RECORDED TODAY.
  FOG
  FOG W/VISIBILITY <= 1/4 MILE
  HAZE


RELATIVE HUMIDITY (PERCENT)
 HIGHEST    96          1200 AM
 LOWEST     37           300 PM
 AVERAGE    67

..........................................................


THE PARKERSBURG WV CLIMATE NORMALS FOR TOMORROW
                         NORMAL    RECORD    YEAR
 MAXIMUM TEMPERATURE (F)   70        90      1990
                                             1986
 MINIMUM TEMPERATURE (F)   45        32      2006
                                             2003
                                             1993


SUNRISE AND SUNSET
APRIL 26 2018.........SUNRISE   633 AM EDT   SUNSET   814 PM EDT
APRIL 27 2018.........SUNRISE   632 AM EDT   SUNSET   815 PM EDT


-  INDICATES NEGATIVE NUMBERS.
R  INDICATES RECORD WAS SET OR TIED.
MM INDICATES DATA IS MISSING.
T  INDICATES TRACE AMOUNT.




$$
