000
CDUS44 KMOB 260649
CLIPNS


CLIMATE REPORT
NATIONAL WEATHER SERVICE MOBILE AL
126 AM CDT SAT MAY 26 2018


...................................

...THE PENSACOLA CLIMATE SUMMARY FOR MAY 25 2018...

CLIMATE NORMAL PERIOD 1981 TO 2010
CLIMATE RECORD PERIOD 1879 TO 2018


WEATHER ITEM   OBSERVED TIME   RECORD YEAR NORMAL DEPARTURE LAST
                VALUE   (LST)  VALUE       VALUE  FROM      YEAR
                                                  NORMAL
..................................................................
TEMPERATURE (F)
 YESTERDAY
  MAXIMUM         86   1259 PM  94    2012  85      1       83
                                      1996
                                      1953
  MINIMUM         71    526 AM  53    1979  68      3       61
  AVERAGE         79                        77      2       72

PRECIPITATION (IN)
  YESTERDAY        0.00          1.95 1997   0.14  -0.14     0.00
  MONTH TO DATE    3.43                      3.32   0.11     5.92
  SINCE MAR 1      9.44                     13.45  -4.01    11.99
  SINCE JAN 1     22.74                     23.14  -0.40    27.34

DEGREE DAYS
 COOLING
  YESTERDAY       14                        12      2        7
  MONTH TO DATE  330                       222    108      260
  SINCE MAR 1    485                       356    129      598
  SINCE JAN 1    583                       370    213      708
..................................................................


WIND (MPH)
  HIGHEST WIND SPEED    16   HIGHEST WIND DIRECTION     S (170)
  HIGHEST GUST SPEED    21   HIGHEST GUST DIRECTION     S (170)
  AVERAGE WIND SPEED     5.7


SKY COVER
  POSSIBLE SUNSHINE  MM
  AVERAGE SKY COVER 0.3


WEATHER CONDITIONS
 THE FOLLOWING WEATHER WAS RECORDED YESTERDAY.
  NO SIGNIFICANT WEATHER WAS OBSERVED.


RELATIVE HUMIDITY (PERCENT)
 HIGHEST    93          1200 AM
 LOWEST     61           200 PM
 AVERAGE    77

..........................................................


THE PENSACOLA CLIMATE NORMALS FOR TODAY
                         NORMAL    RECORD    YEAR
 MAXIMUM TEMPERATURE (F)   86        98      2012
                                             1953
 MINIMUM TEMPERATURE (F)   69        48      1979


SUNRISE AND SUNSET
MAY 26 2018...........SUNRISE   549 AM CDT   SUNSET   743 PM CDT
MAY 27 2018...........SUNRISE   549 AM CDT   SUNSET   744 PM CDT


-  INDICATES NEGATIVE NUMBERS.
R  INDICATES RECORD WAS SET OR TIED.
MM INDICATES DATA IS MISSING.
T  INDICATES TRACE AMOUNT.




$$
