000
CDUS41 KGYX 220802
CLIPWM


CLIMATE REPORT
NATIONAL WEATHER SERVICE GRAY ME
401 AM EDT SUN APR 22 2018


...................................

...THE PORTLAND ME CLIMATE SUMMARY FOR APRIL 21 2018...

CLIMATE NORMAL PERIOD 1981 TO 2010
CLIMATE RECORD PERIOD 1941 TO 2018


WEATHER ITEM   OBSERVED TIME   RECORD YEAR NORMAL DEPARTURE LAST
                VALUE   (LST)  VALUE       VALUE  FROM      YEAR
                                                  NORMAL
..................................................................
TEMPERATURE (F)
 YESTERDAY
  MAXIMUM         57    246 PM  85    1957  56      1       42
  MINIMUM         31    402 AM  23    1962  37     -6       38
  AVERAGE         44                        46     -2       40

PRECIPITATION (IN)
  YESTERDAY        0.00          4.21 1991   0.13  -0.13     0.36
  MONTH TO DATE    3.87                      3.03   0.84     4.42
  SINCE MAR 1      7.07                      7.27  -0.20     7.92
  SINCE JAN 1     14.70                     13.90   0.80    16.12

SNOWFALL (IN)
  YESTERDAY        0.0           1.5  1940   0.1   -0.1       T
  MONTH TO DATE    0.7                       2.6   -1.9      7.9
  SINCE MAR 1     33.7                      15.3   18.4     29.1
  SINCE JUL 1     91.9                      61.7   30.2     95.3
  SNOW DEPTH       0

DEGREE DAYS
 HEATING
  YESTERDAY       21                        19      2       25
  MONTH TO DATE  550                       473     77      410
  SINCE MAR 1   1506                      1449     57     1524
  SINCE JUL 1   6210                      6491   -281     6002

 COOLING
  YESTERDAY        0                         0      0        0
  MONTH TO DATE    0                         0      0        2
  SINCE MAR 1      0                         0      0        2
  SINCE JAN 1      0                         0      0        2
..................................................................


WIND (MPH)
  RESULTANT WIND SPEED   8   RESULTANT WIND DIRECTION  NW (320)
  HIGHEST WIND SPEED    21   HIGHEST WIND DIRECTION     N (340)
  HIGHEST GUST SPEED    31   HIGHEST GUST DIRECTION    NW (320)
  AVERAGE WIND SPEED     9.3


SKY COVER
  AVERAGE SKY COVER 0.1


WEATHER CONDITIONS
 THE FOLLOWING WEATHER WAS RECORDED YESTERDAY.
  NO SIGNIFICANT WEATHER WAS OBSERVED.


RELATIVE HUMIDITY (PERCENT)
 HIGHEST    75           100 AM
 LOWEST     26           300 PM
 AVERAGE    51

..........................................................


THE PORTLAND ME CLIMATE NORMALS FOR TODAY
                         NORMAL    RECORD    YEAR
 MAXIMUM TEMPERATURE (F)   56        82      1977
 MINIMUM TEMPERATURE (F)   37        22      1959


SUNRISE AND SUNSET
APRIL 22 2018.........SUNRISE   547 AM EDT   SUNSET   733 PM EDT
APRIL 23 2018.........SUNRISE   546 AM EDT   SUNSET   734 PM EDT


-  INDICATES NEGATIVE NUMBERS.
R  INDICATES RECORD WAS SET OR TIED.
MM INDICATES DATA IS MISSING.
T  INDICATES TRACE AMOUNT.




$$
