000
CDUS43 KGRB 222122
CLIRHI


CLIMATE REPORT
NATIONAL WEATHER SERVICE GREEN BAY
421 PM CDT SUN APR 22 2018


...................................

...THE RHINELANDER WI CLIMATE SUMMARY FOR APRIL 22 2018...
VALID TODAY AS OF 0400 PM LOCAL TIME.

CLIMATE NORMAL PERIOD 1981 TO 2010
CLIMATE RECORD PERIOD 1908 TO 2018


WEATHER ITEM   OBSERVED TIME   RECORD YEAR NORMAL DEPARTURE LAST
                VALUE   (LST)  VALUE       VALUE  FROM      YEAR
                                                  NORMAL
..................................................................
TEMPERATURE (F)
 TODAY
  MAXIMUM         60    259 PM  89    1980  57      3       67
  MINIMUM         25    341 AM  18    1936  32     -7       26
                                      1927
  AVERAGE         43                        45     -2       47

PRECIPITATION (IN)
  TODAY            0.00          1.24 1972   0.09  -0.09     0.00
  MONTH TO DATE    2.52                      1.79   0.73     4.98
  SINCE MAR 1      4.37                      3.36   1.01     6.19
  SINCE JAN 1      6.66                      5.40   1.26     9.55

SNOWFALL (IN)
  TODAY            0.0           6.5  1972  MM     MM        0.0
  MONTH TO DATE   27.8                      MM     MM        5.4
  SINCE MAR 1     44.3                      MM     MM       11.2
  SINCE JUL 1     99.9                      MM     MM       62.7
  SNOW DEPTH      MM

DEGREE DAYS
 HEATING
  TODAY           22                        20      2       18
  MONTH TO DATE  828                       554    274      445
  SINCE MAR 1   2068                      1727    341     1597
  SINCE JUL 1   8643                      8349    294     7108

 COOLING
  TODAY            0                         0      0        0
  MONTH TO DATE    0                         0      0        0
  SINCE MAR 1      0                         0      0        0
  SINCE JAN 1      0                         0      0        0
..................................................................


WIND (MPH)
  HIGHEST WIND SPEED    13   HIGHEST WIND DIRECTION    SW (230)
  HIGHEST GUST SPEED    17   HIGHEST GUST DIRECTION    SW (220)
  AVERAGE WIND SPEED     3.2


SKY COVER
  POSSIBLE SUNSHINE  MM
  AVERAGE SKY COVER 0.0


WEATHER CONDITIONS
 THE FOLLOWING WEATHER WAS RECORDED TODAY.
  NO SIGNIFICANT WEATHER WAS OBSERVED.


RELATIVE HUMIDITY (PERCENT)
 HIGHEST    84           100 AM
 LOWEST     24          1100 AM
 AVERAGE    54

..........................................................


THE RHINELANDER WI CLIMATE NORMALS FOR TOMORROW
                         NORMAL    RECORD    YEAR
 MAXIMUM TEMPERATURE (F)   58        84      1925
 MINIMUM TEMPERATURE (F)   33        16      1909


SUNRISE AND SUNSET
APRIL 22 2018.........SUNRISE   600 AM CDT   SUNSET   753 PM CDT
APRIL 23 2018.........SUNRISE   558 AM CDT   SUNSET   755 PM CDT


-  INDICATES NEGATIVE NUMBERS.
R  INDICATES RECORD WAS SET OR TIED.
MM INDICATES DATA IS MISSING.
T  INDICATES TRACE AMOUNT.




$$
