000
CDUS41 KAKQ 232132
CLIRIC


CLIMATE REPORT
NATIONAL WEATHER SERVICE WAKEFIELD, VA
531 PM EDT WED MAY 23 2018


...................................

...THE RICHMOND VA CLIMATE SUMMARY FOR MAY 23 2018...
VALID TODAY AS OF 0500 PM LOCAL TIME.

CLIMATE NORMAL PERIOD 1981 TO 2010
CLIMATE RECORD PERIOD 1871 TO 2018


WEATHER ITEM   OBSERVED TIME   RECORD YEAR NORMAL DEPARTURE LAST
                VALUE   (LST)  VALUE       VALUE  FROM      YEAR
                                                  NORMAL
..................................................................
TEMPERATURE (F)
 TODAY
  MAXIMUM         86    259 PM  99    1941  80      6       66
  MINIMUM         68    312 AM  40    1936  57     11       59
  AVERAGE         77

PRECIPITATION (IN)
  TODAY            0.03          1.03 1951   0.14  -0.11     0.47
  MONTH TO DATE   10.25                      2.74   7.51     4.68
  SINCE MAR 1     16.16                     10.05   6.11    10.64
  SINCE JAN 1     21.61                     15.85   5.76    15.64

SNOWFALL (IN)
  TODAY            0.0
  MONTH TO DATE    0.0
  SINCE NOV 1     12.4
  SINCE JUL 1     12.4
  SNOW DEPTH       0

DEGREE DAYS
 HEATING
  TODAY            0                         2     -2        2
  MONTH TO DATE    4                        66    -62       79
  SINCE MAR 1    947                       822    125      683
  SINCE JUL 1   3711                      3758    -47     3165

 COOLING
  TODAY           12                         5      7        0
  MONTH TO DATE  178                        71    107       62
  SINCE MAR 1    200                       113     87      167
  SINCE JAN 1    206                       113     93      167
..................................................................


WIND (MPH)
  RESULTANT WIND SPEED   2   RESULTANT WIND DIRECTION  NW (300)
  HIGHEST WIND SPEED    14   HIGHEST WIND DIRECTION     N (10)
  HIGHEST GUST SPEED    18   HIGHEST GUST DIRECTION     N (10)


SKY COVER
  POSSIBLE SUNSHINE  MM
  AVERAGE SKY COVER 0.7


WEATHER CONDITIONS
 THE FOLLOWING WEATHER WAS RECORDED TODAY.
  LIGHT RAIN


RELATIVE HUMIDITY (PERCENT)
 HIGHEST    97
 LOWEST     51
 AVERAGE    74

..........................................................


THE RICHMOND VA CLIMATE NORMALS FOR TOMORROW
                         NORMAL    RECORD    YEAR
 MAXIMUM TEMPERATURE (F)   80        94      1970
 MINIMUM TEMPERATURE (F)   58        42      1963
                                             1931


SUNRISE AND SUNSET
MAY 23 2018...........SUNRISE   554 AM EDT   SUNSET   818 PM EDT
MAY 24 2018...........SUNRISE   554 AM EDT   SUNSET   819 PM EDT


-  INDICATES NEGATIVE NUMBERS.
R  INDICATES RECORD WAS SET OR TIED.
MM INDICATES DATA IS MISSING.
T  INDICATES TRACE AMOUNT.




$$
