000
CDUS45 KRIW 220733
CLIRKS


CLIMATE REPORT
NATIONAL WEATHER SERVICE RIVERTON WY
132 AM MDT SUN APR 22 2018


...................................

...THE ROCK SPRINGS WY CLIMATE SUMMARY FOR APRIL 21 2018...

CLIMATE NORMAL PERIOD 1981 TO 2010
CLIMATE RECORD PERIOD 1948 TO 2018


WEATHER ITEM   OBSERVED TIME   RECORD YEAR NORMAL DEPARTURE LAST
                VALUE   (LST)  VALUE       VALUE  FROM      YEAR
                                                  NORMAL
..................................................................
TEMPERATURE (F)
 YESTERDAY
  MAXIMUM         66    502 PM  77    1989  55     11       50
  MINIMUM         32    509 AM  14    1970  31      1       31
  AVERAGE         49                        43      6       41

PRECIPITATION (IN)
  YESTERDAY        0.00          0.79 1991   0.03  -0.03      T
  MONTH TO DATE    0.14                      0.59  -0.45     0.19
  SINCE MAR 1      0.48                      1.27  -0.79     1.62
  SINCE JAN 1      0.67                      2.20  -1.53     2.52

DEGREE DAYS
 HEATING
  YESTERDAY       16                        22     -6       24
  MONTH TO DATE  511                       518     -7      450
  SINCE MAR 1   1432                      1495    -63     1230
  SINCE JUL 1   6698                      7347   -649     6968

 COOLING
  YESTERDAY        0                         0      0        0
  MONTH TO DATE    0                         0      0        0
  SINCE MAR 1      0                         0      0        0
  SINCE JAN 1      0                         0      0        0
..................................................................


WIND (MPH)
  HIGHEST WIND SPEED    22   HIGHEST WIND DIRECTION     W (280)
  HIGHEST GUST SPEED    29   HIGHEST GUST DIRECTION     W (280)
  AVERAGE WIND SPEED     8.2


SKY COVER
  POSSIBLE SUNSHINE  MM
  AVERAGE SKY COVER 0.2


WEATHER CONDITIONS
 THE FOLLOWING WEATHER WAS RECORDED YESTERDAY.
  NO SIGNIFICANT WEATHER WAS OBSERVED.


RELATIVE HUMIDITY (PERCENT)
 HIGHEST    89           500 AM
 LOWEST     13           400 PM
 AVERAGE    51

..........................................................


THE ROCK SPRINGS WY CLIMATE NORMALS FOR TODAY
                         NORMAL    RECORD    YEAR
 MAXIMUM TEMPERATURE (F)   56        76      2012
 MINIMUM TEMPERATURE (F)   31        16      2013


SUNRISE AND SUNSET
APRIL 22 2018.........SUNRISE   626 AM MDT   SUNSET   805 PM MDT
APRIL 23 2018.........SUNRISE   624 AM MDT   SUNSET   806 PM MDT


-  INDICATES NEGATIVE NUMBERS.
R  INDICATES RECORD WAS SET OR TIED.
MM INDICATES DATA IS MISSING.
T  INDICATES TRACE AMOUNT.




$$
