000
CDUS41 KRNK 240934 CCA
CLIRNK

CLIMATE REPORT...CORRECTED
NATIONAL WEATHER SERVICE BLACKSBURG VA
529 AM EDT TUE APR 24 2018


...................................

...THE BLACKSBURG VA CLIMATE SUMMARY FOR APRIL 23 2018...

CLIMATE NORMAL PERIOD 1981 TO 2010
CLIMATE RECORD PERIOD 1952 TO 2018


WEATHER ITEM   OBSERVED RECORD YEAR NORMAL DEPARTURE LAST
                VALUE   VALUE       VALUE  FROM      YEAR
                                           NORMAL
...........................................................
TEMPERATURE (F)
 YESTERDAY
  MAXIMUM         55     85    1985  66    -11       48
  MINIMUM         48     20    1982  40      8       43
  AVERAGE         52                 53     -1       46

PRECIPITATION (IN)
  YESTERDAY        0.34   1.45 1958   0.12   0.22     1.40
  MONTH TO DATE    3.02               2.67   0.35     4.30
  SINCE MAR 1      7.68               6.31   1.37     7.54
  SINCE JAN 1     13.95              12.20   1.75    13.32

SNOWFALL (IN)
  YESTERDAY        0.0                                0.0
  MONTH TO DATE    1.2                                0.1
  SINCE MAR 1     23.9                                1.1
  SINCE JUL 1     31.3                                7.7
  SNOW DEPTH       0

DEGREE DAYS
 HEATING
  YESTERDAY       13                 12      1       19
  MONTH TO DATE  389                353     36      220
  SINCE MAR 1   1209               1080    129      887
  SINCE JUL 1   4870               5128   -258     3979

 COOLING
  YESTERDAY        0                  0      0        0
  MONTH TO DATE    0                  0      0        3
  SINCE MAR 1      0                  0      0        3
  SINCE JAN 1      1                  0      1        3
...........................................................


WIND (MPH)
  HIGHEST WIND SPEED    17   HIGHEST WIND DIRECTION    SE (130)
  HIGHEST GUST SPEED    26   HIGHEST GUST DIRECTION    SE (130)
  AVERAGE WIND SPEED     9.5


SKY COVER
  AVERAGE SKY COVER 0.9


WEATHER CONDITIONS
 THE FOLLOWING WEATHER WAS RECORDED YESTERDAY.
  RAIN
  LIGHT RAIN


RELATIVE HUMIDITY (PERCENT)
 HIGHEST    93           600 PM
 LOWEST     59          1200 AM
 AVERAGE    76
 NATIONAL WEATHER SERVICE BLACKSBURG VA

..........................................................


THE BLACKSBURG VA CLIMATE NORMALS FOR TODAY
                         NORMAL    RECORD    YEAR
 MAXIMUM TEMPERATURE (F)   66        85      2001
 MINIMUM TEMPERATURE (F)   41        28      1974


SUNRISE AND SUNSET
APRIL 24 2018.........SUNRISE   635 AM EDT   SUNSET   805 PM EDT
APRIL 25 2018.........SUNRISE   634 AM EDT   SUNSET   806 PM EDT


-  INDICATES NEGATIVE NUMBERS.
R  INDICATES RECORD WAS SET OR TIED.
MM INDICATES DATA IS MISSING.
T  INDICATES TRACE AMOUNT.

REMARKS:
DUE TO MISSING TEMPERATURES FROM SEPTEMBER 8-10...THE
HEATING DEGREE DAY AND DEPARTURE FROM NORMAL WILL BE CALCULATED
WITHOUT DATA FROM THESE DATES.

$$

RAB
