018
CDUS46 KSGX 251130
CLIRNM


CLIMATE REPORT
NATIONAL WEATHER SERVICE SAN DIEGO, CA
430 AM PDT WED APR 25 2018


...................................

...THE RAMONA AIRPORT CA CLIMATE SUMMARY FOR APRIL 24 2018...

CLIMATE NORMAL PERIOD 1981 TO 2010
CLIMATE RECORD PERIOD 1974 TO 2018


WEATHER ITEM   OBSERVED TIME   RECORD YEAR NORMAL DEPARTURE LAST
                VALUE   (LST)  VALUE       VALUE  FROM      YEAR
                                                  NORMAL
..................................................................
TEMPERATURE (F)
 YESTERDAY
  MAXIMUM         82    202 PM  89    1996  72     10       72
  MINIMUM         40    451 AM  35    1980  43     -3       54
  AVERAGE         61                        57      4       63

PRECIPITATION (IN)
  YESTERDAY        0.00          0.43 1994   0.05  -0.05     0.00
  MONTH TO DATE    0.02                      1.14  -1.12      T
  SINCE OCT 1      5.58                     14.79  -9.21    21.58
  SINCE JAN 1      5.54                     10.65  -5.11    14.56

DEGREE DAYS
 HEATING
  YESTERDAY        4                         8     -4        2
  MONTH TO DATE  128                       233   -105      128
  SINCE MAR 1    450                       608   -158      355
  SINCE JUL 1   1568                      2349   -781     1790

 COOLING
  YESTERDAY        0                         0      0        0
  MONTH TO DATE   10                         0     10        9
  SINCE MAR 1     10                         0     10       12
  SINCE JAN 1     26                         1     25       12
..................................................................


WIND (MPH)
  RESULTANT WIND SPEED   4   RESULTANT WIND DIRECTION   W (280)
  HIGHEST WIND SPEED    16   HIGHEST WIND DIRECTION     W (260)
  HIGHEST GUST SPEED    22   HIGHEST GUST DIRECTION     W (250)
  AVERAGE WIND SPEED     4.6


SKY COVER
  POSSIBLE SUNSHINE  MM
  AVERAGE SKY COVER 0.0


WEATHER CONDITIONS
 THE FOLLOWING WEATHER WAS RECORDED YESTERDAY.
  FOG


RELATIVE HUMIDITY (PERCENT)
 HIGHEST    96           300 AM
 LOWEST     20           400 PM
 AVERAGE    58

..........................................................


THE RAMONA AIRPORT CA CLIMATE NORMALS FOR TODAY
                         NORMAL    RECORD    YEAR
 MAXIMUM TEMPERATURE (F)   72        93      2004
 MINIMUM TEMPERATURE (F)   43        34      1974


SUNRISE AND SUNSET
APRIL 25 2018.........SUNRISE   606 AM PDT   SUNSET   725 PM PDT
APRIL 26 2018.........SUNRISE   605 AM PDT   SUNSET   726 PM PDT


-  INDICATES NEGATIVE NUMBERS.
R  INDICATES RECORD WAS SET OR TIED.
MM INDICATES DATA IS MISSING.
T  INDICATES TRACE AMOUNT.




$$
