000
CDUS45 KREV 230855
CLIRNO


CLIMATE REPORT
NATIONAL WEATHER SERVICE RENO NV
155 AM PDT WED MAY 23 2018


...................................

...THE RENO-TAHOE INTL AIRPORT NV CLIMATE SUMMARY FOR MAY 22 2018...

CLIMATE NORMAL PERIOD 1981 TO 2010
CLIMATE RECORD PERIOD 1888 TO 2018


WEATHER ITEM   OBSERVED TIME   RECORD YEAR NORMAL DEPARTURE LAST
                VALUE   (LST)  VALUE       VALUE  FROM      YEAR
                                                  NORMAL
..................................................................
TEMPERATURE (F)
 YESTERDAY
  MAXIMUM         75    325 PM  95    1967  75      0       86
  MINIMUM         52    555 AM  19    1960  47      5       53
  AVERAGE         64                        61      3       70

PRECIPITATION (IN)
  YESTERDAY        0.00          0.88 1959   0.02  -0.02     0.00
  MONTH TO DATE    0.82                      0.34   0.48     0.61
  SINCE OCT 1      6.15                      5.98   0.17    14.94
  SINCE JAN 1      4.58                      3.62   0.96    11.15

SNOWFALL (IN)
  YESTERDAY        0.0           T    1946   0.0    0.0      0.0
  MONTH TO DATE    0.0                       0.3   -0.3      0.0
  SINCE MAR 1     20.1                       2.8   17.3      2.9
  SINCE JUL 1     24.9                      21.8    3.1     27.0
  SNOW DEPTH       0

DEGREE DAYS
 HEATING
  YESTERDAY        1                         5     -4        0
  MONTH TO DATE   90                       166    -76      132
  SINCE MAR 1   1128                      1190    -62     1026
  SINCE JUL 1   4395                      4828   -433     4399

 COOLING
  YESTERDAY        0                         2     -2        5
  MONTH TO DATE   14                        16     -2       18
  SINCE MAR 1     17                        17      0       18
  SINCE JAN 1     17                        17      0       18
..................................................................


WIND (MPH)
  RESULTANT WIND SPEED   1   RESULTANT WIND DIRECTION   W (290)
  HIGHEST WIND SPEED    24   HIGHEST WIND DIRECTION     W (290)
  HIGHEST GUST SPEED    29   HIGHEST GUST DIRECTION     W (290)
  AVERAGE WIND SPEED     4.6



WEATHER CONDITIONS
 THE FOLLOWING WEATHER WAS RECORDED YESTERDAY.
  THUNDERSTORM


RELATIVE HUMIDITY (PERCENT)
 HIGHEST    83           200 AM
 LOWEST     29           300 PM
 AVERAGE    56

..........................................................


THE RENO-TAHOE INTL AIRPORT NV CLIMATE NORMALS FOR TODAY
                         NORMAL    RECORD    YEAR
 MAXIMUM TEMPERATURE (F)   76        94      2001
 MINIMUM TEMPERATURE (F)   47        26      1968
                                             1960


SUNRISE AND SUNSET
MAY 23 2018...........SUNRISE   539 AM PDT   SUNSET   814 PM PDT
MAY 24 2018...........SUNRISE   538 AM PDT   SUNSET   814 PM PDT


-  INDICATES NEGATIVE NUMBERS.
R  INDICATES RECORD WAS SET OR TIED.
MM INDICATES DATA IS MISSING.
T  INDICATES TRACE AMOUNT.




$$
