000
CDUS44 KEWX 272241
CLISAT


CLIMATE REPORT
NATIONAL WEATHER SERVICE AUSTIN/SAN ANTONIO, TX
541 PM CDT SUN MAY 27 2018


...................................

...THE SAN ANTONIO CLIMATE SUMMARY FOR MAY 27 2018...
VALID TODAY AS OF 0500 PM LOCAL TIME.

CLIMATE NORMAL PERIOD 1981 TO 2010
CLIMATE RECORD PERIOD 1886 TO 2018


WEATHER ITEM   OBSERVED TIME   RECORD YEAR NORMAL DEPARTURE LAST
                VALUE   (LST)  VALUE       VALUE  FROM      YEAR
                                                  NORMAL
..................................................................
TEMPERATURE (F)
 TODAY
  MAXIMUM         97    352 PM 100    2011  90      7       97
  MINIMUM         72    435 AM  52    1901  70      2       78
  AVERAGE         85                        80      5       88

PRECIPITATION (IN)
  TODAY            0.00          4.26 1957   0.15  -0.15     0.00
  MONTH TO DATE    0.97                      3.40  -2.43     0.77
  SINCE MAR 1      5.35                      7.81  -2.46     5.75
  SINCE JAN 1      7.54                     11.36  -3.82    12.08

SNOWFALL (IN)
  TODAY            0.0
  MONTH TO DATE    0.0
  SINCE MAR 1      T
  SINCE JUL 1      1.9
  SNOW DEPTH       0

DEGREE DAYS
 HEATING
  TODAY            0                         0      0        0
  MONTH TO DATE    0                         0      0        0
  SINCE MAR 1     87                       193   -106       60
  SINCE JUL 1   1303                      1494   -191      778

 COOLING
  TODAY           20                        14      6       23
  MONTH TO DATE  403                       310     93      283
  SINCE MAR 1    658                       543    115      616
  SINCE JAN 1    704                       569    135      716
..................................................................


WIND (MPH)
  HIGHEST WIND SPEED    17   HIGHEST WIND DIRECTION    SE (150)
  HIGHEST GUST SPEED    21   HIGHEST GUST DIRECTION    SE (140)
  AVERAGE WIND SPEED     8.1


SKY COVER
  AVERAGE SKY COVER 0.2


WEATHER CONDITIONS
 THE FOLLOWING WEATHER WAS RECORDED TODAY.
  NO SIGNIFICANT WEATHER WAS OBSERVED.


RELATIVE HUMIDITY (PERCENT)
 HIGHEST    87           600 AM
 LOWEST     34           200 PM
 AVERAGE    61

..........................................................


THE SAN ANTONIO CLIMATE NORMALS FOR TOMORROW
                         NORMAL    RECORD    YEAR
 MAXIMUM TEMPERATURE (F)   90       103      1927
 MINIMUM TEMPERATURE (F)   70        55      1976


SUNRISE AND SUNSET
MAY 27 2018...........SUNRISE   636 AM CDT   SUNSET   827 PM CDT
MAY 28 2018...........SUNRISE   635 AM CDT   SUNSET   827 PM CDT


-  INDICATES NEGATIVE NUMBERS.
R  INDICATES RECORD WAS SET OR TIED.
MM INDICATES DATA IS MISSING.
T  INDICATES TRACE AMOUNT.




$$
