000
CDUS42 KCHS 210601
CLISAV


CLIMATE REPORT
NATIONAL WEATHER SERVICE CHARLESTON SC
201 AM EDT SAT APR 21 2018


...................................

...THE SAVANNAH GA CLIMATE SUMMARY FOR APRIL 20 2018...

CLIMATE NORMAL PERIOD 1981 TO 2010
CLIMATE RECORD PERIOD 1871 TO 2018


WEATHER ITEM   OBSERVED TIME   RECORD YEAR NORMAL DEPARTURE LAST
                VALUE   (LST)  VALUE       VALUE  FROM      YEAR
                                                  NORMAL
..................................................................
TEMPERATURE (F)
 YESTERDAY
  MAXIMUM         69    403 PM  94    1925  79    -10       86
  MINIMUM         50    645 AM  34    1983  55     -5       61
  AVERAGE         60                        66     -6       74

PRECIPITATION (IN)
  YESTERDAY        0.00          1.47 1912   0.11  -0.11     0.00
  MONTH TO DATE    1.19                      2.15  -0.96     2.84
  SINCE MAR 1      2.41                      5.88  -3.47     3.34
  SINCE JAN 1      5.24                     12.36  -7.12    12.17

SNOWFALL (IN)
  YESTERDAY        0.0                       0.0    0.0
  SINCE MAR 1      0.0                       T      0.0
  SINCE JUL 1      1.2                       0.3    0.9

DEGREE DAYS
 HEATING
  YESTERDAY        5                         2      3        0
  MONTH TO DATE   81                        62     19       19
  SINCE MAR 1    323                       272     51      212
  SINCE JUL 1   1598                      1789   -191     1022

 COOLING
  YESTERDAY        0                         3     -3        9
  MONTH TO DATE   43                        51     -8       93
  SINCE MAR 1     75                        83     -8      168
  SINCE JAN 1    157                        93     64      226
..................................................................


WIND (MPH)
  HIGHEST WIND SPEED    20   HIGHEST WIND DIRECTION    NE (50)
  HIGHEST GUST SPEED    26   HIGHEST GUST DIRECTION    NE (30)
  AVERAGE WIND SPEED    10.4


SKY COVER
  POSSIBLE SUNSHINE  MM
  AVERAGE SKY COVER 0.4


WEATHER CONDITIONS
 THE FOLLOWING WEATHER WAS RECORDED YESTERDAY.
  NO SIGNIFICANT WEATHER WAS OBSERVED.


RELATIVE HUMIDITY (PERCENT)
 HIGHEST    77          1000 PM
 LOWEST     35           200 PM
 AVERAGE    56

..........................................................


THE SAVANNAH GA CLIMATE NORMALS FOR TODAY
                         NORMAL    RECORD    YEAR
 MAXIMUM TEMPERATURE (F)   79        92      2002
                                             1968
 MINIMUM TEMPERATURE (F)   55        36      1953


SUNRISE AND SUNSET
APRIL 21 2018.........SUNRISE   649 AM EDT   SUNSET   758 PM EDT
APRIL 22 2018.........SUNRISE   648 AM EDT   SUNSET   759 PM EDT


-  INDICATES NEGATIVE NUMBERS.
R  INDICATES RECORD WAS SET OR TIED.
MM INDICATES DATA IS MISSING.
T  INDICATES TRACE AMOUNT.




$$
