000
CDUS41 KAKQ 240535
CLISBY


CLIMATE REPORT
NATIONAL WEATHER SERVICE WAKEFIELD, VA
135 AM EDT TUE APR 24 2018


...................................

...THE SALISBURY MD CLIMATE SUMMARY FOR APRIL 23 2018...

CLIMATE NORMAL PERIOD 1981 TO 2010
CLIMATE RECORD PERIOD 1900 TO 2018


WEATHER ITEM   OBSERVED TIME   RECORD YEAR NORMAL DEPARTURE LAST
                VALUE   (LST)  VALUE       VALUE  FROM      YEAR
                                                  NORMAL
..................................................................
TEMPERATURE (F)
 YESTERDAY
  MAXIMUM         67    158 PM  91    1960  67      0       61
  MINIMUM         41    502 AM  30    1936  45     -4       48
                                      1933
                                      1922
  AVERAGE         54                        56     -2       55

PRECIPITATION (IN)
  YESTERDAY        0.00          1.10 1928   0.11  -0.11     0.01
  MONTH TO DATE    1.53                      2.83  -1.30     0.97
  SINCE MAR 1      4.57                      7.25  -2.68     5.60
  SINCE JAN 1     10.82                     14.21  -3.39    10.40

SNOWFALL (IN)
  YESTERDAY        0.0           0.0  2002   0.0    0.0
                                      2001
  MONTH TO DATE    T                         0.2   -0.2
  SINCE NOV 1     17.2                       9.3    7.9
  SINCE JUL 1     17.2                       9.3    7.9
  SNOW DEPTH       0

DEGREE DAYS
 HEATING
  YESTERDAY       11                        10      1       10
  MONTH TO DATE  342                       287     55      157
  SINCE MAR 1   1074                       917    157      781
  SINCE JUL 1   4121                      4222   -101     3532

 COOLING
  YESTERDAY        0                         1     -1        0
  MONTH TO DATE    8                        10     -2       28
  SINCE MAR 1      8                        12     -4       30
  SINCE JAN 1     12                        12      0       30
..................................................................


WIND (MPH)
  HIGHEST WIND SPEED    21   HIGHEST WIND DIRECTION     E (110)
  HIGHEST GUST SPEED    33   HIGHEST GUST DIRECTION    SE (130)
  AVERAGE WIND SPEED     6.7


SKY COVER
  POSSIBLE SUNSHINE  MM
  AVERAGE SKY COVER 0.2


WEATHER CONDITIONS
 THE FOLLOWING WEATHER WAS RECORDED YESTERDAY.
  NO SIGNIFICANT WEATHER WAS OBSERVED.


RELATIVE HUMIDITY (PERCENT)
 HIGHEST    96           200 AM
 LOWEST     21           400 PM
 AVERAGE    59

..........................................................


THE SALISBURY MD CLIMATE NORMALS FOR TODAY
                         NORMAL    RECORD    YEAR
 MAXIMUM TEMPERATURE (F)   68        91      1960
 MINIMUM TEMPERATURE (F)   45        27      2003


SUNRISE AND SUNSET
APRIL 24 2018.........SUNRISE   614 AM EDT   SUNSET   747 PM EDT
APRIL 25 2018.........SUNRISE   613 AM EDT   SUNSET   748 PM EDT


-  INDICATES NEGATIVE NUMBERS.
R  INDICATES RECORD WAS SET OR TIED.
MM INDICATES DATA IS MISSING.
T  INDICATES TRACE AMOUNT.




$$
