005
CDUS46 KSTO 240846
CLISCK


CLIMATE REPORT
NATIONAL WEATHER SERVICE SACRAMENTO, CA
144 AM PDT TUE APR 24 2018


...................................

...THE STOCKTON AIRPORT CA CLIMATE SUMMARY FOR APRIL 23 2018...

CLIMATE NORMAL PERIOD 1981 TO 2010
CLIMATE RECORD PERIOD 1948 TO 2018


WEATHER ITEM   OBSERVED TIME   RECORD YEAR NORMAL DEPARTURE LAST
                VALUE   (LST)  VALUE       VALUE  FROM      YEAR
                                                  NORMAL
..................................................................
TEMPERATURE (F)
 YESTERDAY
  MAXIMUM         89    306 PM  93    1962  75     14       74
  MINIMUM         51    452 AM  39    1976  47      4       52
                                      1963
  AVERAGE         70

PRECIPITATION (IN)
  YESTERDAY        0.00          0.38 1994   0.03  -0.03     0.00
  MONTH TO DATE    1.72                      0.81   0.91     1.86
  SINCE OCT 1      9.09                     12.98  -3.89    21.68
  SINCE JAN 1      8.13                      8.25  -0.12    15.52

SNOWFALL (IN)
  YESTERDAY        0.0          MM      MM
  MONTH TO DATE    0.0
  SINCE MAR 1      0.0
  SINCE JUL 1      0.0
  SNOW DEPTH       0

DEGREE DAYS
 HEATING
  YESTERDAY        0                         5     -5        2
  MONTH TO DATE  107                       159    -52      130
  SINCE MAR 1    407                       483    -76      357
  SINCE JUL 1   1992                      2545   -553     2066

 COOLING
  YESTERDAY        5                         1      4        0
  MONTH TO DATE    9                         6      3        0
  SINCE MAR 1     11                         6      5        1
  SINCE JAN 1     11                         6      5        1
..................................................................


WIND (MPH)
  RESULTANT WIND SPEED   4   RESULTANT WIND DIRECTION  NW (300)
  HIGHEST WIND SPEED    15   HIGHEST WIND DIRECTION     W (290)
  HIGHEST GUST SPEED    19   HIGHEST GUST DIRECTION     W (290)


SKY COVER
  POSSIBLE SUNSHINE  MM
  AVERAGE SKY COVER 0.0


WEATHER CONDITIONS
 THE FOLLOWING WEATHER WAS RECORDED YESTERDAY.
  NO SIGNIFICANT WEATHER WAS OBSERVED.


RELATIVE HUMIDITY (PERCENT)
 HIGHEST    93           400 AM
 LOWEST     29           400 PM
 AVERAGE    61

..........................................................


THE STOCKTON AIRPORT CA CLIMATE NORMALS FOR TODAY
                         NORMAL    RECORD    YEAR
 MAXIMUM TEMPERATURE (F)   75        90      1966
 MINIMUM TEMPERATURE (F)   47        32      1964


SUNRISE AND SUNSET
APRIL 24 2018.........SUNRISE   617 AM PDT   SUNSET   749 PM PDT
APRIL 25 2018.........SUNRISE   616 AM PDT   SUNSET   750 PM PDT


-  INDICATES NEGATIVE NUMBERS.
R  INDICATES RECORD WAS SET OR TIED.
MM INDICATES DATA IS MISSING.
T  INDICATES TRACE AMOUNT.




$$
