000
CDUS43 KSGF 260626
CLISGF


CLIMATE REPORT
NATIONAL WEATHER SERVICE SPRINGFIELD MO
126 AM CDT THU APR 26 2018


...................................

...THE SPRINGFIELD MO CLIMATE SUMMARY FOR APRIL 25 2018...

CLIMATE NORMAL PERIOD 1981 TO 2010
CLIMATE RECORD PERIOD 1888 TO 2018


WEATHER ITEM   OBSERVED TIME   RECORD YEAR NORMAL DEPARTURE LAST
                VALUE   (LST)  VALUE       VALUE  FROM      YEAR
                                                  NORMAL
..................................................................
TEMPERATURE (F)
 YESTERDAY
  MAXIMUM         56    230 PM  85    1984  70    -14       81
  MINIMUM         48    403 AM  29    1910  48      0       54
  AVERAGE         52                        59     -7       68

PRECIPITATION (IN)
  YESTERDAY        0.72          2.31 2011   0.16   0.56     0.00
  MONTH TO DATE    2.27                      3.48  -1.21     5.18
  SINCE MAR 1      5.88                      7.10  -1.22     9.97
  SINCE JAN 1     15.41                     12.09   3.32    14.43

SNOWFALL (IN)
  YESTERDAY        0.0
  MONTH TO DATE    0.7
  SINCE MAR 1      0.7
  SINCE JUL 1      6.1
  SNOW DEPTH       0

DEGREE DAYS
 HEATING
  YESTERDAY       13                         7      6        0
  MONTH TO DATE  399                       268    131      139
  SINCE MAR 1    935                       849     86      555
  SINCE JUL 1   4224                      4442   -218     3244

 COOLING
  YESTERDAY        0                         1     -1        3
  MONTH TO DATE   10                        18     -8       35
  SINCE MAR 1     10                        21    -11       41
  SINCE JAN 1     11                        21    -10       50
..................................................................


WIND (MPH)
  HIGHEST WIND SPEED    13   HIGHEST WIND DIRECTION    NE (40)
  HIGHEST GUST SPEED    19   HIGHEST GUST DIRECTION    NE (40)
  AVERAGE WIND SPEED     4.8


SKY COVER
  AVERAGE SKY COVER 0.8


WEATHER CONDITIONS
 THE FOLLOWING WEATHER WAS RECORDED YESTERDAY.
  HEAVY RAIN
  RAIN
  LIGHT RAIN
  FOG


RELATIVE HUMIDITY (PERCENT)
 HIGHEST    96           700 PM
 LOWEST     59          1200 AM
 AVERAGE    78

..........................................................


THE SPRINGFIELD MO CLIMATE NORMALS FOR TODAY
                         NORMAL    RECORD    YEAR
 MAXIMUM TEMPERATURE (F)   70        88      1989
 MINIMUM TEMPERATURE (F)   48        30      1976


SUNRISE AND SUNSET
APRIL 26 2018.........SUNRISE   625 AM CDT   SUNSET   759 PM CDT
APRIL 27 2018.........SUNRISE   623 AM CDT   SUNSET   759 PM CDT


-  INDICATES NEGATIVE NUMBERS.
R  INDICATES RECORD WAS SET OR TIED.
MM INDICATES DATA IS MISSING.
T  INDICATES TRACE AMOUNT.




$$
