997
CDUS44 KSJT 260725
CLISJT


CLIMATE REPORT
NATIONAL WEATHER SERVICE SAN ANGELO TX
225 AM CDT THU APR 26 2018


...................................

...THE SAN ANGELO CLIMATE SUMMARY FOR APRIL 25 2018...

CLIMATE NORMAL PERIOD 1981 TO 2010
CLIMATE RECORD PERIOD 1907 TO 2018


WEATHER ITEM   OBSERVED TIME   RECORD YEAR NORMAL DEPARTURE LAST
                VALUE   (LST)  VALUE       VALUE  FROM      YEAR
                                                  NORMAL
..................................................................
TEMPERATURE (F)
 YESTERDAY
  MAXIMUM         70    125 AM 104    2012  83    -13       95
  MINIMUM         42   1152 PM  34    1913  55    -13       64
  AVERAGE         56                        69    -13       80

PRECIPITATION (IN)
  YESTERDAY        0.04          0.99 1990   0.06  -0.02     0.00
  MONTH TO DATE    0.13                      1.13  -1.00     1.46
  SINCE MAR 1      1.33                      2.63  -1.30     1.71
  SINCE JAN 1      2.70                      4.91  -2.21     4.42

SNOWFALL (IN)
  YESTERDAY       MM             0.0  2002   0.0   MM        0.0
  MONTH TO DATE    0.0                       0.0    0.0       T
  SINCE NOV 1      T                         2.2   -2.2       T
  SINCE JUL 1      T                         2.2   -2.2       T
  SNOW DEPTH       0

DEGREE DAYS
 HEATING
  YESTERDAY        9                         2      7        0
  MONTH TO DATE   94                        83     11       47
  SINCE MAR 1    245                       340    -95      167
  SINCE JUL 1   2083                      2301   -218     1491

 COOLING
  YESTERDAY        0                         5     -5       15
  MONTH TO DATE   72                        88    -16      134
  SINCE MAR 1    157                       121     36      251
  SINCE JAN 1    176                       126     50      278
..................................................................


WIND (MPH)
  HIGHEST WIND SPEED    24   HIGHEST WIND DIRECTION    NE (30)
  HIGHEST GUST SPEED    29   HIGHEST GUST DIRECTION     N (20)
  AVERAGE WIND SPEED    11.2


SKY COVER
  POSSIBLE SUNSHINE  MM
  AVERAGE SKY COVER 0.7


WEATHER CONDITIONS
 THE FOLLOWING WEATHER WAS RECORDED YESTERDAY.
  THUNDERSTORM
  LIGHT RAIN


RELATIVE HUMIDITY (PERCENT)
 HIGHEST    93          1000 PM
 LOWEST     57           100 AM
 AVERAGE    75

..........................................................


THE SAN ANGELO CLIMATE NORMALS FOR TODAY
                         NORMAL    RECORD    YEAR
 MAXIMUM TEMPERATURE (F)   83       105      2012
 MINIMUM TEMPERATURE (F)   55        38      2007


SUNRISE AND SUNSET
APRIL 26 2018.........SUNRISE   702 AM CDT   SUNSET   818 PM CDT
APRIL 27 2018.........SUNRISE   701 AM CDT   SUNSET   819 PM CDT


-  INDICATES NEGATIVE NUMBERS.
R  INDICATES RECORD WAS SET OR TIED.
MM INDICATES DATA IS MISSING.
T  INDICATES TRACE AMOUNT.




$$
