000
CDUS41 KBTV 250541
CLISLK


CLIMATE REPORT
NATIONAL WEATHER SERVICE BURLINGTON VT
140 AM EDT FRI MAY 25 2018


...................................

...THE SARANAC LAKE NY CLIMATE SUMMARY FOR MAY 24 2018...

CLIMATE NORMAL PERIOD 1981 TO 2010
CLIMATE RECORD PERIOD 9999 TO 9999


WEATHER ITEM   OBSERVED TIME   NORMAL DEPARTURE LAST
                VALUE   (LST)  VALUE  FROM      YEAR
                                      NORMAL
......................................................
TEMPERATURE (F)
 YESTERDAY
  MAXIMUM         73    427 PM  66      7       72
  MINIMUM         30    451 AM  40    -10       37
  AVERAGE         52            53     -1       55

PRECIPITATION (IN)
  YESTERDAY        0.00          0.12  -0.12     0.00
  MONTH TO DATE    2.18          2.57  -0.39     4.89
  SINCE MAR 1      7.38          7.74  -0.36    10.02
  SINCE JAN 1     12.58         11.48   1.10    14.56

DEGREE DAYS
 HEATING
  YESTERDAY       13            12      1       10
  MONTH TO DATE  335           386    -51      405
  SINCE MAR 1   2576          2452    124     2438
  SINCE JUL 1   8974          9157   -183     8134

 COOLING
  YESTERDAY        0             0      0        0
  MONTH TO DATE    0             0      0        6
  SINCE MAR 1      0             0      0        6
  SINCE JAN 1      0             0      0        6
......................................................


WIND (MPH)
  HIGHEST WIND SPEED    14   HIGHEST WIND DIRECTION    SW (240)
  HIGHEST GUST SPEED    19   HIGHEST GUST DIRECTION    SW (240)
  AVERAGE WIND SPEED     3.6


SKY COVER
  AVERAGE SKY COVER 0.2


WEATHER CONDITIONS
 THE FOLLOWING WEATHER WAS RECORDED YESTERDAY.
  NO SIGNIFICANT WEATHER WAS OBSERVED.


RELATIVE HUMIDITY (PERCENT)
 HIGHEST   100           200 AM
 LOWEST     18          1200 PM
 AVERAGE    59

..........................................................


THE SARANAC LAKE NY CLIMATE NORMALS FOR TODAY
                         NORMAL    RECORD    YEAR
 MAXIMUM TEMPERATURE (F)   67        86      2010
 MINIMUM TEMPERATURE (F)   40        23      2002


SUNRISE AND SUNSET
MAY 25 2018...........SUNRISE   520 AM EDT   SUNSET   828 PM EDT
MAY 26 2018...........SUNRISE   519 AM EDT   SUNSET   829 PM EDT


-  INDICATES NEGATIVE NUMBERS.
R  INDICATES RECORD WAS SET OR TIED.
MM INDICATES DATA IS MISSING.
T  INDICATES TRACE AMOUNT.




$$
