000
CDUS42 KTBW 230831
CLISRQ


CLIMATE REPORT
NATIONAL WEATHER SERVICE TAMPA BAY FL
430 AM EDT WED MAY 23 2018


...................................

...THE SARASOTA BRADENTON CLIMATE SUMMARY FOR MAY 22 2018...

CLIMATE NORMAL PERIOD 1981 TO 2010
CLIMATE RECORD PERIOD 1911 TO 2018


WEATHER ITEM   OBSERVED TIME   RECORD YEAR NORMAL DEPARTURE LAST
                VALUE   (LST)  VALUE       VALUE  FROM      YEAR
                                                  NORMAL
..................................................................
TEMPERATURE (F)
 YESTERDAY
  MAXIMUM         86   1136 AM  96    1974  87     -1       87
                                      1927
  MINIMUM         72   1159 PM  53    1994  69      3       72
  AVERAGE         79                        78      1       80

PRECIPITATION (IN)
  YESTERDAY        0.69          1.91 1959   0.08   0.61     0.41
  MONTH TO DATE    4.92                      1.39   3.53     4.59
  SINCE MAR 1      9.74                      7.69   2.05     5.33
  SINCE JAN 1     12.83                     12.88  -0.05     7.82

DEGREE DAYS
 HEATING
  YESTERDAY        0                         0      0        0
  MONTH TO DATE    0                         0      0        0
  SINCE MAR 1     90                        59     31       54
  SINCE JUL 1    389                       477    -88      202

 COOLING
  YESTERDAY       14                        13      1       15
  MONTH TO DATE  272                       234     38      311
  SINCE MAR 1    587                       527     60      736
  SINCE JAN 1    827                       631    196      910
..................................................................


WIND (MPH)
  HIGHEST WIND SPEED    28   HIGHEST WIND DIRECTION    SE (150)
  HIGHEST GUST SPEED    31   HIGHEST GUST DIRECTION     S (160)
  AVERAGE WIND SPEED     8.7


SKY COVER
  POSSIBLE SUNSHINE  MM
  AVERAGE SKY COVER 0.5


WEATHER CONDITIONS
 THE FOLLOWING WEATHER WAS RECORDED YESTERDAY.
  THUNDERSTORM
  HEAVY RAIN
  RAIN
  LIGHT RAIN
  FOG


RELATIVE HUMIDITY (PERCENT)
 HIGHEST   100          1200 AM
 LOWEST     61          1100 AM

..........................................................


THE SARASOTA BRADENTON CLIMATE NORMALS FOR TODAY
                         NORMAL    RECORD    YEAR
 MAXIMUM TEMPERATURE (F)   87        96      1959
                                             1938
 MINIMUM TEMPERATURE (F)   69        57      1981
                                             1941
                                             1919


SUNRISE AND SUNSET
MAY 23 2018...........SUNRISE   638 AM EDT   SUNSET   816 PM EDT
MAY 24 2018...........SUNRISE   638 AM EDT   SUNSET   817 PM EDT


-  INDICATES NEGATIVE NUMBERS.
R  INDICATES RECORD WAS SET OR TIED.
MM INDICATES DATA IS MISSING.
T  INDICATES TRACE AMOUNT.




$$


&&
------------------------------------------------------------------
******************** SUPPLEMENTAL DATA ***************************

...GULF WATER TEMPERATURE AT VENICE 79 DEGREES
