621
CDUS44 KBMX 240741
CLITOI


CLIMATE REPORT
NATIONAL WEATHER SERVICE BIRMINGHAM, AL
240 AM CDT TUE APR 24 2018


...................................

...THE TROY CLIMATE SUMMARY FOR APRIL 23 2018...

CLIMATE NORMAL PERIOD 1981 TO 2010
CLIMATE RECORD PERIOD 9999 TO 9999


WEATHER ITEM   OBSERVED TIME   RECORD YEAR NORMAL DEPARTURE LAST
                VALUE   (LST)  VALUE       VALUE  FROM      YEAR
                                                  NORMAL
..................................................................
TEMPERATURE (F)
 YESTERDAY
  MAXIMUM         79    111 PM  MM      MM  78      1       70
  MINIMUM         52   1159 PM  MM      MM  52      0       55
  AVERAGE         66                        65      1       63

PRECIPITATION (IN)
  YESTERDAY        0.00                      0.09  -0.09     0.17
  MONTH TO DATE    3.30                      3.39  -0.09     1.71
  SINCE MAR 1      6.21                      9.42  -3.21     4.20
  SINCE JAN 1     11.47                     18.55  -7.08    22.83

SNOWFALL (IN)
  YESTERDAY        0.0                      MM     MM        0.0
  MONTH TO DATE    0.0                      MM     MM        0.0
  SINCE MAR 1      0.0                      MM     MM        0.0
  SINCE JUL 1      T                        MM     MM        0.0
  SNOW DEPTH       0

DEGREE DAYS
 HEATING
  YESTERDAY        0                         2     -2        2
  MONTH TO DATE  113                       100     13       41
  SINCE MAR 1    406                       382     24      258
  SINCE JUL 1   2061                      2301   -240     1419

 COOLING
  YESTERDAY        1                         2     -1        0
  MONTH TO DATE   26                        37    -11       77
  SINCE MAR 1     54                        51      3      129
  SINCE JAN 1    112                        56     56      151
..................................................................


WIND (MPH)
  HIGHEST WIND SPEED    16   HIGHEST WIND DIRECTION    SW (240)
  HIGHEST GUST SPEED    20   HIGHEST GUST DIRECTION     S (200)
  AVERAGE WIND SPEED     4.7


SKY COVER
  AVERAGE SKY COVER 0.5


WEATHER CONDITIONS
 THE FOLLOWING WEATHER WAS RECORDED YESTERDAY.
  FOG
  FOG W/VISIBILITY <= 1/4 MILE


RELATIVE HUMIDITY (PERCENT)
 HIGHEST   100          1200 AM
 LOWEST     50           400 PM
 AVERAGE    75

..........................................................


THE TROY CLIMATE NORMALS FOR TODAY
                         NORMAL    RECORD    YEAR
 MAXIMUM TEMPERATURE (F)   79        MM        MM
 MINIMUM TEMPERATURE (F)   52        MM        MM


SUNRISE AND SUNSET
APRIL 24 2018.........SUNRISE   605 AM CDT   SUNSET   719 PM CDT
APRIL 25 2018.........SUNRISE   604 AM CDT   SUNSET   720 PM CDT


-  INDICATES NEGATIVE NUMBERS.
R  INDICATES RECORD WAS SET OR TIED.
MM INDICATES DATA IS MISSING.
T  INDICATES TRACE AMOUNT.




$$
