719
CDUS43 KTOP 190634
CLITOP


CLIMATE REPORT
NATIONAL WEATHER SERVICE TOPEKA KS
133 AM CDT THU APR 19 2018


...................................

...THE TOPEKA KS CLIMATE SUMMARY FOR APRIL 18 2018...

CLIMATE NORMAL PERIOD 1981 TO 2010
CLIMATE RECORD PERIOD 1887 TO 2018


WEATHER ITEM   OBSERVED TIME   RECORD YEAR NORMAL DEPARTURE LAST
                VALUE   (LST)  VALUE       VALUE  FROM      YEAR
                                                  NORMAL
..................................................................
TEMPERATURE (F)
 YESTERDAY
  MAXIMUM         57   1208 AM  92    1948  68    -11       80
  MINIMUM         35   1159 PM  30    1961  44     -9       54
  AVERAGE         46                        56    -10       67

PRECIPITATION (IN)
  YESTERDAY        0.00          2.10 1970   0.12  -0.12     0.00
  MONTH TO DATE    0.40                      1.95  -1.55     4.19
  SINCE MAR 1      1.45                      4.44  -2.99     8.22
  SINCE JAN 1      3.20                      6.62  -3.42     9.61

SNOWFALL (IN)
  YESTERDAY        0.0           T    2013   0.0    0.0      0.0
                                      1939
  MONTH TO DATE    0.7                       0.3    0.4       T
  SINCE JAN 1      6.0                      11.3   -5.3      3.5
  SINCE JUL 1      8.1                      17.8   -9.7      6.6
  SNOW DEPTH       0

DEGREE DAYS
 HEATING
  YESTERDAY       19                        10      9        0
  MONTH TO DATE  391                       225    166      127
  SINCE MAR 1    982                       853    129      627
  SINCE JUL 1   4762                      4820    -58     3808

 COOLING
  YESTERDAY        0                         1     -1        2
  MONTH TO DATE    2                        11     -9       23
  SINCE MAR 1      2                        14    -12       32
  SINCE JAN 1      2                        14    -12       32
..................................................................


WIND (MPH)
  HIGHEST WIND SPEED    30   HIGHEST WIND DIRECTION    NW (300)
  HIGHEST GUST SPEED    43   HIGHEST GUST DIRECTION    NW (310)
  AVERAGE WIND SPEED    15.8


SKY COVER
  AVERAGE SKY COVER 0.5


WEATHER CONDITIONS
 THE FOLLOWING WEATHER WAS RECORDED YESTERDAY.
  NO SIGNIFICANT WEATHER WAS OBSERVED.


RELATIVE HUMIDITY (PERCENT)
 HIGHEST    79           600 AM
 LOWEST     46           300 PM
 AVERAGE    63

..........................................................


THE TOPEKA KS CLIMATE NORMALS FOR TODAY
                         NORMAL    RECORD    YEAR
 MAXIMUM TEMPERATURE (F)   68        91      1987
 MINIMUM TEMPERATURE (F)   45        27      1953


SUNRISE AND SUNSET
APRIL 19 2018.........SUNRISE   640 AM CDT   SUNSET   804 PM CDT
APRIL 20 2018.........SUNRISE   639 AM CDT   SUNSET   805 PM CDT


-  INDICATES NEGATIVE NUMBERS.
R  INDICATES RECORD WAS SET OR TIED.
MM INDICATES DATA IS MISSING.
T  INDICATES TRACE AMOUNT.




$$
