000
CDUS45 KLKN 260046
CLITPH


CLIMATE REPORT
NATIONAL WEATHER SERVICE ELKO NV
528 PM PDT WED APR 25 2018


...................................

...THE TONOPAH AIRPORT NV CLIMATE SUMMARY FOR APRIL 25 2018...
VALID TODAY AS OF 0500 PM LOCAL TIME.

CLIMATE NORMAL PERIOD 1981 TO 2010
CLIMATE RECORD PERIOD 1954 TO 2018


WEATHER ITEM   OBSERVED TIME   RECORD YEAR NORMAL DEPARTURE LAST
                VALUE   (LST)  VALUE       VALUE  FROM      YEAR
                                                  NORMAL
..................................................................
TEMPERATURE (F)
 TODAY
  MAXIMUM         81R   332 PM  79    1992  67     14       60
                                      1987
                                      1966
  MINIMUM         47    410 AM  18    1989  37     10       40
  AVERAGE         64                        52     12       50

PRECIPITATION (IN)
  TODAY            0.00          0.33 1978   0.01  -0.01     0.00
  MONTH TO DATE    T                         0.35  -0.35     0.17
  SINCE OCT 1      0.73                      3.02  -2.29     1.99
  SINCE JAN 1      0.72                      1.93  -1.21     1.46

DEGREE DAYS
 HEATING
  TODAY            1                        13    -12       15
  MONTH TO DATE  296                       406   -110      353
  SINCE MAR 1   1020                      1091    -71      884
  SINCE JUL 1   4600                      5133   -533     4749

 COOLING
  TODAY            0                         0      0        0
  MONTH TO DATE    0                         0      0        0
  SINCE MAR 1      0                         0      0        0
  SINCE JAN 1      0                         0      0        0
..................................................................


WIND (MPH)
  HIGHEST WIND SPEED    15   HIGHEST WIND DIRECTION     S (190)
  HIGHEST GUST SPEED    20   HIGHEST GUST DIRECTION     S (200)



WEATHER CONDITIONS
 THE FOLLOWING WEATHER WAS RECORDED TODAY.
  NO SIGNIFICANT WEATHER WAS OBSERVED.


RELATIVE HUMIDITY (PERCENT)
 HIGHEST    34           400 AM
 LOWEST     10           300 PM
 AVERAGE    22

..........................................................


THE TONOPAH AIRPORT NV CLIMATE NORMALS FOR TOMORROW
                         NORMAL    RECORD    YEAR
 MAXIMUM TEMPERATURE (F)   68        82      2000
                                             1992
 MINIMUM TEMPERATURE (F)   37        22      1984


SUNRISE AND SUNSET
APRIL 25 2018.........SUNRISE   559 AM PDT   SUNSET   734 PM PDT
APRIL 26 2018.........SUNRISE   558 AM PDT   SUNSET   735 PM PDT


-  INDICATES NEGATIVE NUMBERS.
R  INDICATES RECORD WAS SET OR TIED.
MM INDICATES DATA IS MISSING.
T  INDICATES TRACE AMOUNT.




$$
