646
CDUS44 KMRX 242120
CLITRI


CLIMATE REPORT
NATIONAL WEATHER SERVICE MORRISTOWN TN
520 PM EDT TUE APR 24 2018


...................................

...THE TRI-CITIES      ASOS CLIMATE SUMMARY FOR APRIL 24 2018...
VALID TODAY AS OF 0500 PM LOCAL TIME.

CLIMATE NORMAL PERIOD 1981 TO 2010
CLIMATE RECORD PERIOD 1937 TO 2018


WEATHER ITEM   OBSERVED TIME   RECORD YEAR NORMAL DEPARTURE LAST
                VALUE   (LST)  VALUE       VALUE  FROM      YEAR
                                                  NORMAL
..................................................................
TEMPERATURE (F)
 TODAY
  MAXIMUM         64    956 AM  87    1960  70     -6       66
  MINIMUM         55    522 AM  28    1986  45     10       48
  AVERAGE         60                        58      2       57

PRECIPITATION (IN)
  TODAY            0.07          1.00 1941   0.11  -0.04     0.01
  MONTH TO DATE    2.80                      2.64   0.16     4.84
  SINCE MAR 1      7.21                      6.08   1.13     9.41
  SINCE JAN 1     15.94                     12.90   3.04    14.09

SNOWFALL (IN)
  TODAY            0.0                       0.0    0.0      0.0
  MONTH TO DATE    0.2                       1.0   -0.8      0.0
  SINCE MAR 1      2.4                       2.4    0.0      0.3
  SINCE JUL 1      7.1                      13.2   -6.1      4.3
  SNOW DEPTH       0

DEGREE DAYS
 HEATING
  TODAY            5                         8     -3        8
  MONTH TO DATE  318                       262     56      133
  SINCE MAR 1    920                       830     90      660
  SINCE JUL 1   3974                      4212   -238     3227

 COOLING
  TODAY            0                         1     -1        0
  MONTH TO DATE    1                         3     -2        9
  SINCE MAR 1      3                         4     -1        9
  SINCE JAN 1     12                         4      8        9
..................................................................


WIND (MPH)
  HIGHEST WIND SPEED    20   HIGHEST WIND DIRECTION     E (110)
  HIGHEST GUST SPEED    28   HIGHEST GUST DIRECTION     E (110)
  AVERAGE WIND SPEED     8.0


SKY COVER
  POSSIBLE SUNSHINE  MM
  AVERAGE SKY COVER 0.9


WEATHER CONDITIONS
 THE FOLLOWING WEATHER WAS RECORDED TODAY.
  RAIN
  LIGHT RAIN
  FOG


RELATIVE HUMIDITY (PERCENT)
 HIGHEST    93           200 PM
 LOWEST     62          1200 AM
 AVERAGE    78

..........................................................


THE TRI-CITIES      ASOS CLIMATE NORMALS FOR TOMORROW
                         NORMAL    RECORD    YEAR
 MAXIMUM TEMPERATURE (F)   71        87      1960
 MINIMUM TEMPERATURE (F)   45        31      1969
                                             1967


SUNRISE AND SUNSET
APRIL 24 2018.........SUNRISE   644 AM EDT   SUNSET   812 PM EDT
APRIL 25 2018.........SUNRISE   643 AM EDT   SUNSET   812 PM EDT


-  INDICATES NEGATIVE NUMBERS.
R  INDICATES RECORD WAS SET OR TIED.
MM INDICATES DATA IS MISSING.
T  INDICATES TRACE AMOUNT.




$$
