000
CDUS44 KTSA 220654
CLITUL

CLIMATE REPORT
NATIONAL WEATHER SERVICE TULSA OK
146 AM CDT TUE MAY 22 2018


...................................

...THE TULSA OKLAHOMA CLIMATE SUMMARY FOR MAY 21 2018...

CLIMATE NORMAL PERIOD 1981 TO 2010
CLIMATE RECORD PERIOD 1882 TO 2018


WEATHER ITEM   OBSERVED TIME   RECORD YEAR NORMAL DEPARTURE LAST
                VALUE   (LST)  VALUE       VALUE  FROM      YEAR
                                                  NORMAL
..................................................................
TEMPERATURE (F)
 YESTERDAY
  MAXIMUM         85    407 PM  95    1925  81      4       76
  MINIMUM         60    542 AM  45    1915  61     -1       48
  AVERAGE         73                        71      2       62

PRECIPITATION (IN)
  YESTERDAY        0.00          1.90 1978   0.21  -0.21     0.00
  MONTH TO DATE    1.70                      4.01  -2.31     5.88
  SINCE MAR 1      6.77                     11.09  -4.32    18.09
  SINCE JAN 1     11.85                     14.60  -2.75    22.69

DEGREE DAYS
 COOLING
  YESTERDAY        8                         6      2        0
  MONTH TO DATE  225                        94    131       95
  SINCE MAR 1    249                       158     91      199
  SINCE JAN 1    254                       159     95      215
..................................................................


WIND (MPH)
  HIGHEST WIND SPEED    10   HIGHEST WIND DIRECTION     N (340)
  HIGHEST GUST SPEED    13   HIGHEST GUST DIRECTION     N (350)
  AVERAGE WIND SPEED     3.4


SKY COVER
  POSSIBLE SUNSHINE  MM
  AVERAGE SKY COVER 0.4


WEATHER CONDITIONS
 THE FOLLOWING WEATHER WAS RECORDED YESTERDAY.
  NO SIGNIFICANT WEATHER WAS OBSERVED.


RELATIVE HUMIDITY (PERCENT)
 HIGHEST    90           500 AM
 LOWEST     48           300 PM
 AVERAGE    69

..........................................................


THE TULSA OKLAHOMA CLIMATE NORMALS FOR TODAY
                         NORMAL    RECORD    YEAR
 MAXIMUM TEMPERATURE (F)   81        94      2005
 MINIMUM TEMPERATURE (F)   61        44      1931


SUNRISE AND SUNSET
MAY 22 2018...........SUNRISE   612 AM CDT   SUNSET   829 PM CDT
MAY 23 2018...........SUNRISE   612 AM CDT   SUNSET   829 PM CDT


-  INDICATES NEGATIVE NUMBERS.
R  INDICATES RECORD WAS SET OR TIED.
MM INDICATES DATA IS MISSING.
T  INDICATES TRACE AMOUNT.




$$

&&
...........................................................

THE TULSA PRECIPITATION NORMALS FOR TODAY
                       NORMAL    RECORD      YEAR
  TODAY                 0.19      2.10       1902
  MONTH TO DATE         4.20
  YEAR TO DATE         14.79
...........................................................
ALL DATA MEASURED AT THE TULSA INTERNATIONAL AIRPORT...
EXCEPT SNOWFALL...WHICH IS MEASURED AT THE NWS OFFICE.
