000
CDUS45 KTWC 201434
CLITUS

CLIMATE REPORT
NATIONAL WEATHER SERVICE TUCSON AZ
726 AM MST FRI APR 20 2018

...................................

...THE TUCSON AZ CLIMATE SUMMARY FOR APRIL 20 2018...
VALID AS OF 0700 AM LOCAL TIME.

CLIMATE NORMAL PERIOD 1981 TO 2010
CLIMATE RECORD PERIOD 1895 TO 2018


WEATHER ITEM   OBSERVED TIME   RECORD YEAR NORMAL DEPARTURE LAST
                VALUE   (LST)  VALUE       VALUE  FROM      YEAR
                                                  NORMAL
..................................................................
TEMPERATURE (F)
 TODAY
  MINIMUM         50    542 AM  34    1933  53     -3       58

PRECIPITATION (IN)
  TODAY            0.00          0.74 1952   0.01  -0.01     0.00
  MONTH TO DATE    0.00                      0.25  -0.25      T
  SINCE OCT 1      2.57                      5.17  -2.60     3.27
  SINCE JAN 1      1.98                      2.78  -0.80     1.59

DEGREE DAYS
 HEATING
  TODAY            9                         1      8        0

 COOLING
  TODAY            0                         5     -5        9
..................................................................


WIND (MPH)
  HIGHEST WIND SPEED    14   HIGHEST WIND DIRECTION    NW (330)
  HIGHEST GUST SPEED    18   HIGHEST GUST DIRECTION    NW (330)
  AVERAGE WIND SPEED     7.0


SKY COVER
  POSSIBLE SUNSHINE  MM
  AVERAGE SKY COVER 0.0


WEATHER CONDITIONS
 THE FOLLOWING WEATHER WAS RECORDED TODAY.
  NO SIGNIFICANT WEATHER WAS OBSERVED.


RELATIVE HUMIDITY (PERCENT)
 HIGHEST    41           500 AM

..........................................................


THE TUCSON AZ CLIMATE NORMALS FOR TOMORROW
                         NORMAL    RECORD    YEAR
 MAXIMUM TEMPERATURE (F)   84       104      1989
 MINIMUM TEMPERATURE (F)   53        38      1941
                                             1918
                                             1912


SUNRISE AND SUNSET
APRIL 20 2018.........SUNRISE   549 AM MST   SUNSET   657 PM MST
APRIL 21 2018.........SUNRISE   548 AM MST   SUNSET   657 PM MST


-  INDICATES NEGATIVE NUMBERS.
R  INDICATES RECORD WAS SET OR TIED.
MM INDICATES DATA IS MISSING.
T  INDICATES TRACE AMOUNT.

$$
