000
CDUS44 KJAN 210752
CLITVR


CLIMATE REPORT
NATIONAL WEATHER SERVICE JACKSON MS
248 AM CDT MON MAY 21 2018


...................................

...THE VICKSBURG CLIMATE SUMMARY FOR MAY 20 2018...

CLIMATE NORMAL PERIOD 1981 TO 2010
CLIMATE RECORD PERIOD 1948 TO 2018


WEATHER ITEM   OBSERVED TIME   RECORD YEAR NORMAL DEPARTURE LAST
                VALUE   (LST)  VALUE       VALUE  FROM      YEAR
                                                  NORMAL
..................................................................
TEMPERATURE (F)
 YESTERDAY
  MAXIMUM         91    312 PM  92    2008  85      6       88
                                      2005
                                      1956
  MINIMUM         70    510 AM  44    2007  63      7       69
  AVERAGE         81                        74      7       79

PRECIPITATION (IN)
  YESTERDAY        T             1.47 1983   0.16  -0.16      T
  MONTH TO DATE    0.65                      3.39  -2.74     1.26
  SINCE MAR 1     12.49                     13.39  -0.90    15.10
  SINCE JAN 1     25.90                     23.73   2.17    21.86

SNOWFALL (IN)
  YESTERDAY        0.0

DEGREE DAYS
 HEATING
  YESTERDAY        0                         0      0        0
  MONTH TO DATE    0                         9     -9       14
  SINCE MAR 1    319                       374    -55      213
  SINCE JUL 1   2205                      2350   -145     1489

 COOLING
  YESTERDAY       16                         9      7       14
  MONTH TO DATE  231                       138     93      133
  SINCE MAR 1    310                       247     63      368
  SINCE JAN 1    367                       256    111      419
..................................................................


WIND (MPH)
  HIGHEST WIND SPEED    14   HIGHEST WIND DIRECTION    SE (150)
  HIGHEST GUST SPEED    16   HIGHEST GUST DIRECTION    SE (150)
  AVERAGE WIND SPEED     4.5


SKY COVER
  POSSIBLE SUNSHINE  MM
  AVERAGE SKY COVER 0.2


WEATHER CONDITIONS
 THE FOLLOWING WEATHER WAS RECORDED YESTERDAY.
  THUNDERSTORM
  LIGHT RAIN
  FOG


RELATIVE HUMIDITY (PERCENT)
 HIGHEST   100          1200 AM
 LOWEST     56           200 PM
 AVERAGE    78

..........................................................


THE VICKSBURG CLIMATE NORMALS FOR TODAY
                         NORMAL    RECORD    YEAR
 MAXIMUM TEMPERATURE (F)   85        94      1962
 MINIMUM TEMPERATURE (F)   63        43      1954


SUNRISE AND SUNSET
MAY 21 2018...........SUNRISE   602 AM CDT   SUNSET   759 PM CDT
MAY 22 2018...........SUNRISE   602 AM CDT   SUNSET   800 PM CDT


-  INDICATES NEGATIVE NUMBERS.
R  INDICATES RECORD WAS SET OR TIED.
MM INDICATES DATA IS MISSING.
T  INDICATES TRACE AMOUNT.




$$
